CRAN Package Check Results for Package hipread

Last updated on 2023-03-31 06:49:45 CEST.

Flavor Version Tinstall Tcheck Ttotal Status Flags
r-devel-linux-x86_64-debian-clang 0.2.3 136.96 51.01 187.97 NOTE
r-devel-linux-x86_64-debian-gcc 0.2.3 113.41 39.00 152.41 NOTE
r-devel-linux-x86_64-fedora-clang 0.2.3 299.56 NOTE
r-devel-linux-x86_64-fedora-gcc 0.2.3 270.75 NOTE
r-devel-windows-x86_64 0.2.3 423.00 0.00 423.00 NOTE
r-patched-linux-x86_64 0.2.3 125.24 47.27 172.51 NOTE
r-release-linux-x86_64 0.2.3 119.90 50.65 170.55 OK
r-release-macos-arm64 0.2.3 74.00 NOTE
r-release-macos-x86_64 0.2.3 90.00 OK
r-release-windows-x86_64 0.2.3 332.00 108.00 440.00 OK
r-oldrel-macos-arm64 0.2.3 70.00 NOTE
r-oldrel-macos-x86_64 0.2.3 95.00 OK
r-oldrel-windows-ix86+x86_64 0.2.3 400.00 116.00 516.00 OK

Check Details

Version: 0.2.3
Check: C++ specification
Result: NOTE
     Specified C++11: please drop specification unless essential
Flavors: r-devel-linux-x86_64-debian-clang, r-devel-linux-x86_64-debian-gcc, r-devel-linux-x86_64-fedora-clang, r-devel-linux-x86_64-fedora-gcc, r-devel-windows-x86_64, r-patched-linux-x86_64

Version: 0.2.3
Check: installed package size
Result: NOTE
     installed size is 5.1Mb
     sub-directories of 1Mb or more:
     libs 4.7Mb
Flavors: r-release-macos-arm64, r-oldrel-macos-arm64