CRAN Package Check Results for Package hglm.data

Last updated on 2022-08-20 01:50:00 CEST.

Flavor Version Tinstall Tcheck Ttotal Status Flags
r-devel-linux-x86_64-debian-clang 1.0-1 5.38 38.34 43.72 NOTE
r-devel-linux-x86_64-debian-gcc 1.0-1 5.20 29.82 35.02 NOTE
r-devel-linux-x86_64-fedora-clang 1.0-1 64.73 NOTE
r-devel-linux-x86_64-fedora-gcc 1.0-1 61.01 NOTE
r-devel-windows-x86_64 1.0-1 13.00 67.00 80.00 NOTE
r-patched-linux-x86_64 1.0-1 5.99 36.72 42.71 OK
r-release-linux-x86_64 1.0-1 OK
r-release-macos-arm64 1.0-1 24.00 OK
r-release-macos-x86_64 1.0-1 32.00 OK
r-release-windows-x86_64 1.0-1 16.00 69.00 85.00 OK
r-oldrel-macos-arm64 1.0-1 29.00 OK
r-oldrel-macos-x86_64 1.0-1 43.00 OK
r-oldrel-windows-ix86+x86_64 1.0-1 14.00 66.00 80.00 OK

Check Details

Version: 1.0-1
Check: Rd files
Result: NOTE
    checkRd: (-1) ohio.Rd:104: Escaped LaTeX specials: \&
    checkRd: (-1) ohio.Rd:105: Escaped LaTeX specials: \&
Flavors: r-devel-linux-x86_64-debian-clang, r-devel-linux-x86_64-debian-gcc, r-devel-linux-x86_64-fedora-clang, r-devel-linux-x86_64-fedora-gcc, r-devel-windows-x86_64