CRAN Package Check Results for Package het.test

Last updated on 2020-05-24 22:48:06 CEST.

Flavor Version Tinstall Tcheck Ttotal Status Flags
r-devel-linux-x86_64-debian-clang 0.1 4.26 30.24 34.50 NOTE
r-devel-linux-x86_64-debian-gcc 0.1 3.38 24.06 27.44 NOTE
r-devel-linux-x86_64-fedora-clang 0.1 42.17 NOTE
r-devel-linux-x86_64-fedora-gcc 0.1 41.84 NOTE
r-devel-windows-ix86+x86_64 0.1 13.00 49.00 62.00 NOTE
r-patched-linux-x86_64 0.1 3.60 30.74 34.34 NOTE
r-patched-solaris-x86 0.1 65.40 NOTE
r-release-linux-x86_64 0.1 4.47 31.08 35.55 NOTE
r-release-osx-x86_64 0.1 NOTE
r-release-windows-ix86+x86_64 0.1 10.00 71.00 81.00 NOTE
r-oldrel-osx-x86_64 0.1 NOTE
r-oldrel-windows-ix86+x86_64 0.1 8.00 65.00 73.00 NOTE

Check Details

Version: 0.1
Check: whether the namespace can be loaded with stated dependencies
Result: NOTE
    Warning: no function found corresponding to methods exports from 'het.test' for: 'show'
    
    A namespace must be able to be loaded with just the base namespace
    loaded: otherwise if the namespace gets loaded by a saved object, the
    session will be unable to start.
    
    Probably some imports need to be declared in the NAMESPACE file.
Flavors: r-devel-linux-x86_64-debian-clang, r-devel-linux-x86_64-debian-gcc, r-devel-linux-x86_64-fedora-clang, r-devel-linux-x86_64-fedora-gcc, r-devel-windows-ix86+x86_64, r-patched-linux-x86_64, r-patched-solaris-x86, r-release-linux-x86_64, r-release-osx-x86_64, r-release-windows-ix86+x86_64, r-oldrel-osx-x86_64, r-oldrel-windows-ix86+x86_64

Version: 0.1
Check: dependencies in R code
Result: NOTE
    Packages in Depends field not imported from:
     'methods' 'vars'
     These packages need to be imported from (in the NAMESPACE file)
     for when this namespace is loaded but not attached.
Flavors: r-devel-linux-x86_64-debian-clang, r-devel-linux-x86_64-debian-gcc, r-devel-linux-x86_64-fedora-clang, r-devel-linux-x86_64-fedora-gcc, r-devel-windows-ix86+x86_64, r-patched-linux-x86_64, r-patched-solaris-x86, r-release-linux-x86_64, r-release-osx-x86_64, r-release-windows-ix86+x86_64, r-oldrel-osx-x86_64, r-oldrel-windows-ix86+x86_64

Version: 0.1
Check: R code for possible problems
Result: NOTE
    whites.htest: no visible global function definition for 'residuals'
    whites.htest: no visible global function definition for 'lm'
    whites.htest: no visible global function definition for 'pchisq'
    whites.htest: no visible global function definition for 'new'
    Undefined global functions or variables:
     lm new pchisq residuals
    Consider adding
     importFrom("methods", "new")
     importFrom("stats", "lm", "pchisq", "residuals")
    to your NAMESPACE file (and ensure that your DESCRIPTION Imports field
    contains 'methods').
Flavors: r-devel-linux-x86_64-debian-clang, r-devel-linux-x86_64-debian-gcc, r-devel-linux-x86_64-fedora-clang, r-devel-linux-x86_64-fedora-gcc, r-devel-windows-ix86+x86_64, r-patched-linux-x86_64, r-patched-solaris-x86, r-release-linux-x86_64, r-release-osx-x86_64, r-release-windows-ix86+x86_64, r-oldrel-osx-x86_64, r-oldrel-windows-ix86+x86_64