CRAN Package Check Results for Package heritability

Last updated on 2020-10-28 01:49:35 CET.

Flavor Version Tinstall Tcheck Ttotal Status Flags
r-devel-linux-x86_64-debian-clang 1.3 2.81 33.41 36.22 NOTE
r-devel-linux-x86_64-debian-gcc 1.3 2.67 24.95 27.62 NOTE
r-devel-linux-x86_64-fedora-clang 1.3 52.85 NOTE
r-devel-linux-x86_64-fedora-gcc 1.3 44.31 NOTE
r-devel-windows-ix86+x86_64 1.3 7.00 53.00 60.00 OK
r-patched-linux-x86_64 1.3 NOTE
r-patched-solaris-x86 1.3 61.50 NOTE
r-release-linux-x86_64 1.3 3.52 31.47 34.99 NOTE
r-release-macos-x86_64 1.3 NOTE
r-release-windows-ix86+x86_64 1.3 7.00 37.00 44.00 OK
r-oldrel-macos-x86_64 1.3 OK
r-oldrel-windows-ix86+x86_64 1.3 15.00 52.00 67.00 OK

Check Details

Version: 1.3
Check: package dependencies
Result: NOTE
    Package suggested but not available for checking: 'synbreed'
Flavors: r-devel-linux-x86_64-debian-clang, r-devel-linux-x86_64-debian-gcc, r-devel-linux-x86_64-fedora-clang, r-devel-linux-x86_64-fedora-gcc, r-patched-linux-x86_64, r-patched-solaris-x86, r-release-linux-x86_64, r-release-macos-x86_64