CRAN Package Check Results for Package here

Last updated on 2022-09-29 06:54:23 CEST.

Flavor Version Tinstall Tcheck Ttotal Status Flags
r-devel-linux-x86_64-debian-clang 1.0.1 2.34 31.45 33.79 NOTE
r-devel-linux-x86_64-debian-gcc 1.0.1 1.51 24.16 25.67 NOTE
r-devel-linux-x86_64-fedora-clang 1.0.1 52.99 NOTE
r-devel-linux-x86_64-fedora-gcc 1.0.1 59.14 NOTE
r-devel-windows-x86_64 1.0.1 15.00 67.00 82.00 NOTE
r-patched-linux-x86_64 1.0.1 2.11 30.93 33.04 NOTE
r-release-linux-x86_64 1.0.1 1.88 32.19 34.07 NOTE
r-release-macos-arm64 1.0.1 25.00 NOTE
r-release-macos-x86_64 1.0.1 28.00 NOTE
r-release-windows-x86_64 1.0.1 19.00 67.00 86.00 NOTE
r-oldrel-macos-arm64 1.0.1 24.00 NOTE
r-oldrel-macos-x86_64 1.0.1 35.00 NOTE
r-oldrel-windows-ix86+x86_64 1.0.1 6.00 61.00 67.00 NOTE

Check Details

Version: 1.0.1
Check: LazyData
Result: NOTE
     'LazyData' is specified without a 'data' directory
Flavors: r-devel-linux-x86_64-debian-clang, r-devel-linux-x86_64-debian-gcc, r-devel-linux-x86_64-fedora-clang, r-devel-linux-x86_64-fedora-gcc, r-devel-windows-x86_64, r-patched-linux-x86_64, r-release-linux-x86_64, r-release-macos-arm64, r-release-macos-x86_64, r-release-windows-x86_64, r-oldrel-macos-arm64, r-oldrel-macos-x86_64, r-oldrel-windows-ix86+x86_64