Last updated on 2022-06-30 06:49:26 CEST.
Flavor | Version | Tinstall | Tcheck | Ttotal | Status | Flags |
---|---|---|---|---|---|---|
r-devel-linux-x86_64-debian-clang | 1.3-9 | 7.10 | 121.56 | 128.66 | OK | |
r-devel-linux-x86_64-debian-gcc | 1.3-9 | 5.97 | 88.60 | 94.57 | OK | |
r-devel-linux-x86_64-fedora-clang | 1.3-9 | 156.28 | NOTE | |||
r-devel-linux-x86_64-fedora-gcc | 1.3-9 | 158.29 | OK | |||
r-devel-windows-x86_64 | 1.3-9 | 71.00 | 201.00 | 272.00 | OK | |
r-patched-linux-x86_64 | 1.3-9 | 6.34 | 113.65 | 119.99 | OK | |
r-release-linux-x86_64 | 1.3-9 | 4.80 | 114.86 | 119.66 | OK | |
r-release-macos-arm64 | 1.3-9 | 50.00 | OK | |||
r-release-macos-x86_64 | 1.3-9 | 79.00 | OK | |||
r-release-windows-x86_64 | 1.3-9 | 57.00 | 210.00 | 267.00 | OK | |
r-oldrel-macos-arm64 | 1.3-9 | 67.00 | OK | |||
r-oldrel-macos-x86_64 | 1.3-9 | 79.00 | OK | |||
r-oldrel-windows-ix86+x86_64 | 1.3-9 | 14.00 | 166.00 | 180.00 | OK |
Version: 1.3-9
Check: Rd cross-references
Result: NOTE
Undeclared packages ‘Sleuth2’, ‘rrcov’, ‘carData’, ‘qqtest’ in Rd xrefs
Flavor: r-devel-linux-x86_64-fedora-clang