Last updated on 2022-08-12 00:49:49 CEST.
Flavor | Version | Tinstall | Tcheck | Ttotal | Status | Flags |
---|---|---|---|---|---|---|
r-devel-linux-x86_64-debian-clang | 0.14.4 | 13.77 | 567.26 | 581.03 | NOTE | |
r-devel-linux-x86_64-debian-gcc | 0.14.4 | 9.00 | 402.45 | 411.45 | NOTE | |
r-devel-linux-x86_64-fedora-clang | 0.14.4 | 650.54 | NOTE | |||
r-devel-linux-x86_64-fedora-gcc | 0.14.4 | 649.18 | NOTE | |||
r-devel-windows-x86_64 | 0.14.4 | 236.00 | 593.00 | 829.00 | OK | |
r-patched-linux-x86_64 | 0.14.4 | 14.78 | 518.20 | 532.98 | NOTE | |
r-release-linux-x86_64 | 0.14.4 | 13.23 | 507.29 | 520.52 | NOTE | |
r-release-macos-arm64 | 0.14.4 | 132.00 | NOTE | |||
r-release-macos-x86_64 | 0.14.4 | 293.00 | NOTE | |||
r-release-windows-x86_64 | 0.14.4 | 228.00 | 568.00 | 796.00 | OK | |
r-oldrel-macos-arm64 | 0.14.4 | 158.00 | OK | |||
r-oldrel-macos-x86_64 | 0.14.4 | 182.00 | OK | |||
r-oldrel-windows-ix86+x86_64 | 0.14.4 | 32.00 | 626.00 | 658.00 | OK |
Version: 0.14.4
Check: package dependencies
Result: NOTE
Package suggested but not available for checking: 'rgho'
Flavors: r-devel-linux-x86_64-debian-clang, r-devel-linux-x86_64-debian-gcc, r-devel-linux-x86_64-fedora-clang, r-devel-linux-x86_64-fedora-gcc, r-patched-linux-x86_64, r-release-linux-x86_64, r-release-macos-arm64
Version: 0.14.4
Check: package dependencies
Result: NOTE
Packages suggested but not available for checking: 'BCEA', 'rgho'
Flavor: r-release-macos-x86_64
Version: 0.14.4
Check: Rd cross-references
Result: NOTE
Package unavailable to check Rd xrefs: ‘BCEA’
Flavor: r-release-macos-x86_64