Last updated on 2023-01-30 12:55:20 CET.
Flavor | Version | Tinstall | Tcheck | Ttotal | Status | Flags |
---|---|---|---|---|---|---|
r-devel-linux-x86_64-debian-clang | 0.1 | 4.22 | 81.16 | 85.38 | OK | |
r-devel-linux-x86_64-debian-gcc | 0.1 | 3.32 | 58.20 | 61.52 | OK | |
r-devel-linux-x86_64-fedora-clang | 0.1 | 107.20 | OK | |||
r-devel-linux-x86_64-fedora-gcc | 0.1 | 105.86 | OK | |||
r-devel-windows-x86_64 | 0.1 | 26.00 | 118.00 | 144.00 | OK | |
r-patched-linux-x86_64 | 0.1 | 2.92 | 73.66 | 76.58 | OK | |
r-release-linux-x86_64 | 0.1 | 3.12 | 77.80 | 80.92 | OK | |
r-release-macos-arm64 | 0.1 | 28.00 | OK | |||
r-release-macos-x86_64 | 0.1 | 58.00 | OK | |||
r-release-windows-x86_64 | 0.1 | 26.00 | 119.00 | 145.00 | OK | |
r-oldrel-macos-arm64 | 0.1 | 34.00 | OK | |||
r-oldrel-macos-x86_64 | 0.1 | 54.00 | OK | |||
r-oldrel-windows-ix86+x86_64 | 0.1 | 10.00 | 106.00 | 116.00 | WARN |
Version: 0.1
Check: re-building of vignette outputs
Result: WARN
Error(s) in re-building vignettes:
--- re-building 'hedgehog.Rmd' using rmarkdown
Error: processing vignette 'hedgehog.Rmd' failed with diagnostics:
object 'preview_math' not found
--- failed re-building 'hedgehog.Rmd'
--- re-building 'state-machines.Rmd' using rmarkdown
Error: processing vignette 'state-machines.Rmd' failed with diagnostics:
object 'preview_math' not found
--- failed re-building 'state-machines.Rmd'
SUMMARY: processing the following files failed:
'hedgehog.Rmd' 'state-machines.Rmd'
Error: Vignette re-building failed.
Execution halted
Flavor: r-oldrel-windows-ix86+x86_64