CRAN Package Check Results for Package hdpGLM

Last updated on 2022-08-09 00:52:23 CEST.

Flavor Version Tinstall Tcheck Ttotal Status Flags
r-devel-linux-x86_64-debian-clang 1.0.2 165.71 242.19 407.90 OK
r-devel-linux-x86_64-debian-gcc 1.0.2 133.18 192.75 325.93 OK
r-devel-linux-x86_64-fedora-clang 1.0.2 561.05 NOTE
r-devel-linux-x86_64-fedora-gcc 1.0.2 552.00 NOTE
r-devel-windows-x86_64 1.0.2 127.00 282.00 409.00 OK
r-patched-linux-x86_64 1.0.2 145.14 254.04 399.18 OK
r-release-linux-x86_64 1.0.2 OK
r-release-macos-arm64 1.0.2 104.00 NOTE
r-release-macos-x86_64 1.0.2 191.00 NOTE
r-release-windows-x86_64 1.0.2 124.00 288.00 412.00 OK
r-oldrel-macos-arm64 1.0.2 116.00 NOTE
r-oldrel-macos-x86_64 1.0.2 179.00 NOTE
r-oldrel-windows-ix86+x86_64 1.0.2 388.00 367.00 755.00 OK

Check Details

Version: 1.0.2
Check: package dependencies
Result: NOTE
    Imports includes 23 non-default packages.
    Importing from so many packages makes the package vulnerable to any of
    them becoming unavailable. Move as many as possible to Suggests and
    use conditionally.
Flavor: r-devel-linux-x86_64-fedora-clang

Version: 1.0.2
Check: installed package size
Result: NOTE
     installed size is 6.4Mb
     sub-directories of 1Mb or more:
     libs 5.6Mb
Flavors: r-devel-linux-x86_64-fedora-clang, r-release-macos-arm64, r-release-macos-x86_64, r-oldrel-macos-arm64, r-oldrel-macos-x86_64

Version: 1.0.2
Check: dependencies in R code
Result: NOTE
    Namespaces in Imports field not imported from:
     ‘MCMCpack’ ‘ggjoy’ ‘isotone’ ‘questionr’ ‘rprojroot’ ‘tidyverse’
     All declared Imports should be used.
Flavors: r-devel-linux-x86_64-fedora-clang, r-devel-linux-x86_64-fedora-gcc, r-release-macos-arm64, r-release-macos-x86_64, r-oldrel-macos-arm64, r-oldrel-macos-x86_64