CRAN Package Check Results for Package hdbinseg

Last updated on 2022-09-29 06:54:22 CEST.

Flavor Version Tinstall Tcheck Ttotal Status Flags
r-devel-linux-x86_64-debian-clang 1.0.1 27.98 42.93 70.91 NOTE
r-devel-linux-x86_64-debian-gcc 1.0.1 23.95 32.66 56.61 NOTE
r-devel-linux-x86_64-fedora-clang 1.0.1 109.80 NOTE
r-devel-linux-x86_64-fedora-gcc 1.0.1 114.48 NOTE
r-devel-windows-x86_64 1.0.1 36.00 90.00 126.00 NOTE
r-patched-linux-x86_64 1.0.1 28.20 40.74 68.94 NOTE
r-release-linux-x86_64 1.0.1 27.08 41.09 68.17 NOTE
r-release-macos-arm64 1.0.1 31.00 NOTE
r-release-macos-x86_64 1.0.1 37.00 NOTE
r-release-windows-x86_64 1.0.1 36.00 89.00 125.00 NOTE
r-oldrel-macos-arm64 1.0.1 37.00 NOTE
r-oldrel-macos-x86_64 1.0.1 49.00 NOTE
r-oldrel-windows-ix86+x86_64 1.0.1 70.00 95.00 165.00 NOTE

Check Details

Version: 1.0.1
Check: LazyData
Result: NOTE
     'LazyData' is specified without a 'data' directory
Flavors: r-devel-linux-x86_64-debian-clang, r-devel-linux-x86_64-debian-gcc, r-devel-linux-x86_64-fedora-clang, r-devel-linux-x86_64-fedora-gcc, r-devel-windows-x86_64, r-patched-linux-x86_64, r-release-linux-x86_64, r-release-macos-arm64, r-release-macos-x86_64, r-release-windows-x86_64, r-oldrel-macos-arm64, r-oldrel-macos-x86_64, r-oldrel-windows-ix86+x86_64