CRAN Package Check Results for Package hash

Last updated on 2020-11-25 19:49:22 CET.

Flavor Version Tinstall Tcheck Ttotal Status Flags
r-devel-linux-x86_64-debian-clang 2.2.6.1 3.71 31.09 34.80 NOTE
r-devel-linux-x86_64-debian-gcc 2.2.6.1 2.90 26.38 29.28 NOTE
r-devel-linux-x86_64-fedora-clang 2.2.6.1 48.72 NOTE
r-devel-linux-x86_64-fedora-gcc 2.2.6.1 39.01 NOTE
r-devel-windows-ix86+x86_64 2.2.6.1 9.00 53.00 62.00 NOTE
r-patched-linux-x86_64 2.2.6.1 3.73 30.15 33.88 NOTE
r-patched-solaris-x86 2.2.6.1 56.00 NOTE
r-release-linux-x86_64 2.2.6.1 3.60 31.54 35.14 NOTE
r-release-macos-x86_64 2.2.6.1 NOTE
r-release-windows-ix86+x86_64 2.2.6.1 8.00 49.00 57.00 NOTE
r-oldrel-macos-x86_64 2.2.6.1 NOTE
r-oldrel-windows-ix86+x86_64 2.2.6.1 5.00 41.00 46.00 NOTE

Check Details

Version: 2.2.6.1
Check: top-level files
Result: NOTE
    File
     LICENSE
    is not mentioned in the DESCRIPTION file.
    Non-standard file/directory found at top level:
     'dev'
Flavors: r-devel-linux-x86_64-debian-clang, r-devel-linux-x86_64-debian-gcc, r-devel-linux-x86_64-fedora-clang, r-devel-linux-x86_64-fedora-gcc, r-patched-linux-x86_64, r-release-linux-x86_64

Version: 2.2.6.1
Check: top-level files
Result: NOTE
    File
     LICENSE
    is not mentioned in the DESCRIPTION file.
Flavors: r-devel-windows-ix86+x86_64, r-patched-solaris-x86, r-release-macos-x86_64, r-release-windows-ix86+x86_64, r-oldrel-macos-x86_64, r-oldrel-windows-ix86+x86_64