CRAN Package Check Results for Package hal9001

Last updated on 2020-09-21 07:56:03 CEST.

Flavor Version Tinstall Tcheck Ttotal Status Flags
r-devel-linux-x86_64-debian-clang 0.2.6 87.35 133.35 220.70 OK
r-devel-linux-x86_64-debian-gcc 0.2.6 70.13 96.12 166.25 OK
r-devel-linux-x86_64-fedora-clang 0.2.6 305.09 NOTE
r-devel-linux-x86_64-fedora-gcc 0.2.6 288.42 OK
r-devel-windows-ix86+x86_64 0.2.6 218.00 215.00 433.00 OK
r-patched-linux-x86_64 0.2.6 69.35 127.98 197.33 OK
r-patched-solaris-x86 0.2.6 334.40 OK
r-release-linux-x86_64 0.2.6 72.04 128.99 201.03 OK
r-release-macos-x86_64 0.2.6 OK
r-release-windows-ix86+x86_64 0.2.6 224.00 251.00 475.00 OK
r-oldrel-macos-x86_64 0.2.6 OK
r-oldrel-windows-ix86+x86_64 0.2.6 138.00 235.00 373.00 OK

Check Details

Version: 0.2.6
Check: installed package size
Result: NOTE
     installed size is 6.0Mb
     sub-directories of 1Mb or more:
     libs 5.2Mb
Flavor: r-devel-linux-x86_64-fedora-clang