CRAN Package Check Results for Package hadron

Last updated on 2020-10-29 13:48:46 CET.

Flavor Version Tinstall Tcheck Ttotal Status Flags
r-devel-linux-x86_64-debian-clang 3.1.2 44.02 190.68 234.70 OK
r-devel-linux-x86_64-debian-gcc 3.1.2 35.15 137.41 172.56 OK
r-devel-linux-x86_64-fedora-clang 3.1.2 294.45 OK
r-devel-linux-x86_64-fedora-gcc 3.1.2 300.57 OK
r-devel-windows-ix86+x86_64 3.1.2 90.00 292.00 382.00 NOTE
r-patched-linux-x86_64 3.1.2 42.54 175.64 218.18 OK
r-patched-solaris-x86 3.1.2 299.10 NOTE
r-release-linux-x86_64 3.1.2 41.51 174.90 216.41 OK
r-release-macos-x86_64 3.1.2 NOTE
r-release-windows-ix86+x86_64 3.1.2 74.00 301.00 375.00 NOTE
r-oldrel-macos-x86_64 3.1.2 WARN
r-oldrel-windows-ix86+x86_64 3.1.2 84.00 275.00 359.00 WARN

Check Details

Version: 3.1.2
Check: installed package size
Result: NOTE
     installed size is 5.9Mb
     sub-directories of 1Mb or more:
     data 1.3Mb
     libs 2.4Mb
Flavors: r-devel-windows-ix86+x86_64, r-release-macos-x86_64, r-release-windows-ix86+x86_64, r-oldrel-macos-x86_64, r-oldrel-windows-ix86+x86_64

Version: 3.1.2
Check: package dependencies
Result: NOTE
    Package suggested but not available for checking: ‘staplr’
Flavor: r-patched-solaris-x86

Version: 3.1.2
Check: dependencies in R code
Result: NOTE
    No protocol specified
    No protocol specified
Flavor: r-oldrel-macos-x86_64

Version: 3.1.2
Check: Rd cross-references
Result: WARN
    Missing link or links in documentation object 'plotwitherror.Rd':
     ‘[base]{plot}’
    
    See section 'Cross-references' in the 'Writing R Extensions' manual.
Flavors: r-oldrel-macos-x86_64, r-oldrel-windows-ix86+x86_64