CRAN Package Check Results for Package hSDM

Last updated on 2022-10-07 00:49:23 CEST.

Flavor Version Tinstall Tcheck Ttotal Status Flags
r-devel-linux-x86_64-debian-clang 1.4.1 22.52 140.43 162.95 OK
r-devel-linux-x86_64-debian-gcc 1.4.1 15.50 105.33 120.83 OK
r-devel-linux-x86_64-fedora-clang 1.4.1 211.22 WARN
r-devel-linux-x86_64-fedora-gcc 1.4.1 207.97 WARN
r-devel-windows-x86_64 1.4.1 53.00 257.00 310.00 OK
r-patched-linux-x86_64 1.4.1 17.24 139.08 156.32 OK
r-release-linux-x86_64 1.4.1 16.07 139.41 155.48 OK
r-release-macos-arm64 1.4.1 67.00 OK
r-release-macos-x86_64 1.4.1 95.00 OK
r-release-windows-x86_64 1.4.1 47.00 259.00 306.00 OK
r-oldrel-macos-arm64 1.4.1 68.00 OK
r-oldrel-macos-x86_64 1.4.1 139.00 OK
r-oldrel-windows-ix86+x86_64 1.4.1 47.00 248.00 295.00 OK

Check Details

Version: 1.4.1
Check: whether package can be installed
Result: WARN
    Found the following significant warnings:
     ./useful.h:6:15: warning: a function declaration without a prototype is deprecated in all versions of C [-Wstrict-prototypes]
Flavor: r-devel-linux-x86_64-fedora-clang

Version: 1.4.1
Check: whether package can be installed
Result: WARN
    Found the following significant warnings:
     useful.h:6:1: warning: function declaration isn’t a prototype [-Wstrict-prototypes]
Flavor: r-devel-linux-x86_64-fedora-gcc