CRAN Package Check Results for Package hNMF

Last updated on 2022-10-01 01:49:06 CEST.

Flavor Version Tinstall Tcheck Ttotal Status Flags
r-devel-linux-x86_64-debian-clang 1.0 11.34 112.47 123.81 NOTE
r-devel-linux-x86_64-debian-gcc 1.0 10.12 82.83 92.95 NOTE
r-devel-linux-x86_64-fedora-clang 1.0 160.56 NOTE
r-devel-linux-x86_64-fedora-gcc 1.0 182.40 NOTE
r-devel-windows-x86_64 1.0 20.00 126.00 146.00 NOTE
r-patched-linux-x86_64 1.0 9.71 106.55 116.26 NOTE
r-release-linux-x86_64 1.0 11.64 105.47 117.11 NOTE
r-release-macos-arm64 1.0 41.00 NOTE
r-release-macos-x86_64 1.0 81.00 NOTE
r-release-windows-x86_64 1.0 22.00 128.00 150.00 NOTE
r-oldrel-macos-arm64 1.0 53.00 NOTE
r-oldrel-macos-x86_64 1.0 62.00 NOTE
r-oldrel-windows-ix86+x86_64 1.0 28.00 123.00 151.00 NOTE

Check Details

Version: 1.0
Check: LazyData
Result: NOTE
     'LazyData' is specified without a 'data' directory
Flavors: r-devel-linux-x86_64-debian-clang, r-devel-linux-x86_64-debian-gcc, r-devel-linux-x86_64-fedora-clang, r-devel-linux-x86_64-fedora-gcc, r-devel-windows-x86_64, r-patched-linux-x86_64, r-release-linux-x86_64, r-release-macos-arm64, r-release-macos-x86_64, r-release-windows-x86_64, r-oldrel-macos-arm64, r-oldrel-macos-x86_64, r-oldrel-windows-ix86+x86_64