CRAN Package Check Results for Package hBayesDM

Last updated on 2020-10-25 19:49:31 CET.

Flavor Version Tinstall Tcheck Ttotal Status Flags
r-devel-linux-x86_64-debian-clang 1.0.2 40.16 166.16 206.32 NOTE
r-devel-linux-x86_64-debian-gcc 1.0.2 32.37 120.26 152.63 NOTE
r-devel-linux-x86_64-fedora-clang 1.0.2 246.89 NOTE
r-devel-linux-x86_64-fedora-gcc 1.0.2 236.69 NOTE
r-devel-windows-ix86+x86_64 1.0.2 68.00 232.00 300.00 NOTE
r-patched-linux-x86_64 1.0.2 23.34 147.25 170.59 NOTE
r-patched-solaris-x86 1.0.2 299.90 NOTE
r-release-linux-x86_64 1.0.2 24.52 145.99 170.51 NOTE
r-release-macos-x86_64 1.0.2 NOTE
r-release-windows-ix86+x86_64 1.0.2 51.00 169.00 220.00 NOTE
r-oldrel-macos-x86_64 1.0.2 NOTE
r-oldrel-windows-ix86+x86_64 1.0.2 62.00 212.00 274.00 NOTE

Check Details

Version: 1.0.2
Check: for GNU extensions in Makefiles
Result: NOTE
    GNU make is a SystemRequirements.
Flavors: r-devel-linux-x86_64-debian-clang, r-devel-linux-x86_64-debian-gcc, r-devel-linux-x86_64-fedora-clang, r-devel-linux-x86_64-fedora-gcc, r-devel-windows-ix86+x86_64, r-patched-linux-x86_64, r-patched-solaris-x86, r-release-linux-x86_64, r-release-macos-x86_64, r-release-windows-ix86+x86_64, r-oldrel-macos-x86_64, r-oldrel-windows-ix86+x86_64