Last updated on 2022-08-13 12:55:16 CEST.
Flavor | Version | Tinstall | Tcheck | Ttotal | Status | Flags |
---|---|---|---|---|---|---|
r-devel-linux-x86_64-debian-clang | 1.1.1 | 38.01 | 195.17 | 233.18 | NOTE | |
r-devel-linux-x86_64-debian-gcc | 1.1.1 | 33.52 | 143.76 | 177.28 | NOTE | |
r-devel-linux-x86_64-fedora-clang | 1.1.1 | 280.12 | NOTE | |||
r-devel-linux-x86_64-fedora-gcc | 1.1.1 | 278.77 | NOTE | |||
r-devel-windows-x86_64 | 1.1.1 | 104.00 | 217.00 | 321.00 | NOTE | |
r-patched-linux-x86_64 | 1.1.1 | 30.70 | 174.90 | 205.60 | NOTE | |
r-release-linux-x86_64 | 1.1.1 | 26.56 | 179.01 | 205.57 | NOTE | |
r-release-macos-arm64 | 1.1.1 | 68.00 | NOTE | |||
r-release-macos-x86_64 | 1.1.1 | 147.00 | NOTE | |||
r-release-windows-x86_64 | 1.1.1 | 169.00 | 206.00 | 375.00 | NOTE | |
r-oldrel-macos-arm64 | 1.1.1 | 82.00 | NOTE | |||
r-oldrel-macos-x86_64 | 1.1.1 | 120.00 | NOTE | |||
r-oldrel-windows-ix86+x86_64 | 1.1.1 | 73.00 | 242.00 | 315.00 | NOTE |
Version: 1.1.1
Check: for GNU extensions in Makefiles
Result: NOTE
GNU make is a SystemRequirements.
Flavors: r-devel-linux-x86_64-debian-clang, r-devel-linux-x86_64-debian-gcc, r-devel-linux-x86_64-fedora-clang, r-devel-linux-x86_64-fedora-gcc, r-devel-windows-x86_64, r-patched-linux-x86_64, r-release-linux-x86_64, r-release-macos-arm64, r-release-macos-x86_64, r-release-windows-x86_64, r-oldrel-macos-arm64, r-oldrel-macos-x86_64, r-oldrel-windows-ix86+x86_64
Version: 1.1.1
Check: installed package size
Result: NOTE
installed size is 5.3Mb
sub-directories of 1Mb or more:
R 3.0Mb
extdata 1.2Mb
Flavors: r-release-macos-arm64, r-oldrel-macos-arm64