Last updated on 2022-08-07 18:51:50 CEST.
Flavor | Version | Tinstall | Tcheck | Ttotal | Status | Flags |
---|---|---|---|---|---|---|
r-devel-linux-x86_64-debian-clang | 3.36.1.2 | 35.63 | 183.16 | 218.79 | OK | |
r-devel-linux-x86_64-debian-gcc | 3.36.1.2 | 27.40 | 136.94 | 164.34 | OK | |
r-devel-linux-x86_64-fedora-clang | 3.36.1.2 | 287.86 | NOTE | |||
r-devel-linux-x86_64-fedora-gcc | 3.36.1.2 | 267.07 | OK | |||
r-devel-windows-x86_64 | 3.36.1.2 | 238.00 | 214.00 | 452.00 | NOTE | |
r-patched-linux-x86_64 | 3.36.1.2 | 38.51 | 167.74 | 206.25 | OK | |
r-release-linux-x86_64 | 3.36.1.2 | 33.23 | 168.73 | 201.96 | OK | |
r-release-macos-arm64 | 3.36.1.2 | 218.00 | NOTE | |||
r-release-macos-x86_64 | 3.36.1.2 | 157.00 | NOTE | |||
r-release-windows-x86_64 | 3.36.1.2 | 219.00 | 212.00 | 431.00 | NOTE | |
r-oldrel-macos-arm64 | 3.36.1.2 | 108.00 | NOTE | |||
r-oldrel-macos-x86_64 | 3.36.1.2 | 149.00 | NOTE | |||
r-oldrel-windows-ix86+x86_64 | 3.36.1.2 | 84.00 | 205.00 | 289.00 | NOTE |
Version: 3.36.1.2
Check: installed package size
Result: NOTE
installed size is 182.0Mb
sub-directories of 1Mb or more:
R 1.4Mb
java 179.1Mb
Flavors: r-devel-linux-x86_64-fedora-clang, r-devel-windows-x86_64, r-release-macos-arm64, r-release-macos-x86_64, r-release-windows-x86_64, r-oldrel-macos-arm64, r-oldrel-macos-x86_64, r-oldrel-windows-ix86+x86_64