CRAN Package Check Results for Package gunit

Last updated on 2022-09-26 06:51:13 CEST.

Flavor Version Tinstall Tcheck Ttotal Status Flags
r-devel-linux-x86_64-debian-clang 1.0.0 5.49 48.10 53.59 NOTE
r-devel-linux-x86_64-debian-gcc 1.0.0 3.64 35.88 39.52 NOTE
r-devel-linux-x86_64-fedora-clang 1.0.0 73.28 NOTE
r-devel-linux-x86_64-fedora-gcc 1.0.0 84.09 NOTE
r-devel-windows-x86_64 1.0.0 11.00 71.00 82.00 NOTE
r-patched-linux-x86_64 1.0.0 4.07 43.75 47.82 NOTE
r-release-linux-x86_64 1.0.0 4.98 43.43 48.41 NOTE
r-release-macos-arm64 1.0.0 21.00 NOTE
r-release-macos-x86_64 1.0.0 31.00 NOTE
r-release-windows-x86_64 1.0.0 10.00 75.00 85.00 NOTE
r-oldrel-macos-arm64 1.0.0 28.00 NOTE
r-oldrel-macos-x86_64 1.0.0 32.00 NOTE
r-oldrel-windows-ix86+x86_64 1.0.0 12.00 69.00 81.00 NOTE

Check Details

Version: 1.0.0
Check: LazyData
Result: NOTE
     'LazyData' is specified without a 'data' directory
Flavors: r-devel-linux-x86_64-debian-clang, r-devel-linux-x86_64-debian-gcc, r-devel-linux-x86_64-fedora-clang, r-devel-linux-x86_64-fedora-gcc, r-devel-windows-x86_64, r-patched-linux-x86_64, r-release-linux-x86_64, r-release-macos-arm64, r-release-macos-x86_64, r-release-windows-x86_64, r-oldrel-macos-arm64, r-oldrel-macos-x86_64, r-oldrel-windows-ix86+x86_64