CRAN Package Check Results for Package guaguas

Last updated on 2020-10-29 13:48:45 CET.

Flavor Version Tinstall Tcheck Ttotal Status Flags
r-devel-linux-x86_64-debian-clang 0.1.0 3.25 26.19 29.44 OK
r-devel-linux-x86_64-debian-gcc 0.1.0 2.80 20.66 23.46 OK
r-devel-linux-x86_64-fedora-clang 0.1.0 46.41 NOTE
r-devel-linux-x86_64-fedora-gcc 0.1.0 35.31 NOTE
r-devel-windows-ix86+x86_64 0.1.0 7.00 46.00 53.00 OK
r-patched-linux-x86_64 0.1.0 2.87 25.14 28.01 OK
r-patched-solaris-x86 0.1.0 54.60 NOTE
r-release-linux-x86_64 0.1.0 3.00 25.26 28.26 OK
r-release-macos-x86_64 0.1.0 NOTE
r-release-windows-ix86+x86_64 0.1.0 6.00 46.00 52.00 OK
r-oldrel-macos-x86_64 0.1.0 NOTE
r-oldrel-windows-ix86+x86_64 0.1.0 6.00 41.00 47.00 OK

Check Details

Version: 0.1.0
Check: data for non-ASCII characters
Result: NOTE
     Note: found 8177 marked UTF-8 strings
Flavors: r-devel-linux-x86_64-fedora-clang, r-devel-linux-x86_64-fedora-gcc, r-patched-solaris-x86, r-release-macos-x86_64, r-oldrel-macos-x86_64