CRAN Package Check Results for Package gtsummary

Last updated on 2024-02-27 06:50:33 CET.

Flavor Version Tinstall Tcheck Ttotal Status Flags
r-devel-linux-x86_64-debian-clang 1.7.2 21.21 240.23 261.44 NOTE
r-devel-linux-x86_64-debian-gcc 1.7.2 17.17 183.43 200.60 NOTE
r-devel-linux-x86_64-fedora-clang 1.7.2 324.69 NOTE
r-devel-linux-x86_64-fedora-gcc 1.7.2 346.09 NOTE
r-devel-windows-x86_64 1.7.2 20.00 205.00 225.00 OK
r-patched-linux-x86_64 1.7.2 25.11 237.00 262.11 OK
r-release-linux-x86_64 1.7.2 15.10 235.23 250.33 OK
r-release-macos-arm64 1.7.2 87.00 OK
r-release-macos-x86_64 1.7.2 197.00 OK
r-release-windows-x86_64 1.7.2 26.00 262.00 288.00 OK
r-oldrel-macos-arm64 1.7.2 82.00 OK
r-oldrel-windows-x86_64 1.7.2 28.00 246.00 274.00 OK

Check Details

Version: 1.7.2
Check: Rd files
Result: NOTE checkRd: (-1) as_flex_table.Rd:24: Lost braces; missing escapes or markup? 24 | A {flextable} object | ^ checkRd: (-1) as_hux_table.Rd:37: Lost braces; missing escapes or markup? 37 | A {huxtable} object | ^ checkRd: (-1) as_kable_extra.Rd:42: Lost braces; missing escapes or markup? 42 | and {kableExtra}; \code{as_kable_extra()} supports arguments in \code{knitr::kable()}. | ^ checkRd: (-1) as_kable_extra.Rd:37: Lost braces; missing escapes or markup? 37 | A {kableExtra} table | ^ checkRd: (-1) select_helpers.Rd:53: Lost braces; missing escapes or markup? 53 | Set of functions to supplement the {tidyselect} set of | ^ checkRd: (-1) tbl_summary.Rd:91: Lost braces; missing escapes or markup? 91 | from the \\{tidyselect\\} package and \\{gtsummary\\} package are available to | ^ checkRd: (-1) tbl_summary.Rd:91: Lost braces; missing escapes or markup? 91 | from the \\{tidyselect\\} package and \\{gtsummary\\} package are available to | ^ checkRd: (-1) tbl_svysummary.Rd:183: Lost braces; missing escapes or markup? 183 | from the \\{tidyselect\\} package and \\{gtsummary\\} package are available to | ^ checkRd: (-1) tbl_svysummary.Rd:183: Lost braces; missing escapes or markup? 183 | from the \\{tidyselect\\} package and \\{gtsummary\\} package are available to | ^ Flavors: r-devel-linux-x86_64-debian-clang, r-devel-linux-x86_64-debian-gcc, r-devel-linux-x86_64-fedora-clang, r-devel-linux-x86_64-fedora-gcc