CRAN Package Check Results for Package gtfsrouter

Last updated on 2025-01-15 21:48:25 CET.

Flavor Version Tinstall Tcheck Ttotal Status Flags
r-devel-linux-x86_64-debian-clang 0.1.3 41.26 101.25 142.51 OK
r-devel-linux-x86_64-debian-gcc 0.1.3 32.14 74.36 106.50 OK
r-devel-linux-x86_64-fedora-clang 0.1.3 251.95 OK
r-devel-linux-x86_64-fedora-gcc 0.1.3 284.72 OK
r-devel-windows-x86_64 0.1.3 48.00 145.00 193.00 OK
r-patched-linux-x86_64 0.1.3 45.40 100.79 146.19 OK
r-release-linux-x86_64 0.1.3 45.14 98.22 143.36 OK
r-release-macos-arm64 0.1.3 86.00 NOTE
r-release-macos-x86_64 0.1.3 166.00 NOTE
r-release-windows-x86_64 0.1.3 49.00 144.00 193.00 NOTE
r-oldrel-macos-arm64 0.1.3 87.00 NOTE
r-oldrel-macos-x86_64 0.1.3 155.00 NOTE
r-oldrel-windows-x86_64 0.1.3 46.00 169.00 215.00 NOTE

Check Details

Version: 0.1.3
Check: installed package size
Result: NOTE installed size is 8.2Mb sub-directories of 1Mb or more: doc 4.1Mb libs 3.4Mb Flavors: r-release-macos-arm64, r-release-macos-x86_64, r-release-windows-x86_64, r-oldrel-macos-arm64, r-oldrel-macos-x86_64, r-oldrel-windows-x86_64