CRAN Package Check Results for Package gtfsrouter

Last updated on 2022-12-01 00:51:01 CET.

Flavor Version Tinstall Tcheck Ttotal Status Flags
r-devel-linux-x86_64-debian-clang 0.0.5 61.99 126.02 188.01 OK
r-devel-linux-x86_64-debian-gcc 0.0.5 49.32 83.84 133.16 OK
r-devel-linux-x86_64-fedora-clang 0.0.5 254.66 OK
r-devel-linux-x86_64-fedora-gcc 0.0.5 229.27 OK
r-devel-windows-x86_64 0.0.5 268.00 165.00 433.00 OK
r-patched-linux-x86_64 0.0.5 53.70 98.76 152.46 OK
r-release-linux-x86_64 0.0.5 48.20 99.59 147.79 OK
r-release-macos-arm64 0.0.5 53.00 NOTE
r-release-macos-x86_64 0.0.5 76.00 NOTE
r-release-windows-x86_64 0.0.5 68.00 173.00 241.00 OK
r-oldrel-macos-arm64 0.0.5 60.00 NOTE
r-oldrel-macos-x86_64 0.0.5 77.00 NOTE
r-oldrel-windows-ix86+x86_64 0.0.5 144.00 183.00 327.00 NOTE

Additional issues

noSuggests

Check Details

Version: 0.0.5
Check: installed package size
Result: NOTE
     installed size is 6.5Mb
     sub-directories of 1Mb or more:
     doc 2.9Mb
     libs 3.0Mb
Flavors: r-release-macos-arm64, r-release-macos-x86_64, r-oldrel-macos-arm64, r-oldrel-macos-x86_64, r-oldrel-windows-ix86+x86_64