CRAN Package Check Results for Package gsynth

Last updated on 2022-10-02 21:53:42 CEST.

Flavor Version Tinstall Tcheck Ttotal Status Flags
r-devel-linux-x86_64-debian-clang 1.2.1 67.79 132.02 199.81 OK
r-devel-linux-x86_64-debian-gcc 1.2.1 48.69 97.07 145.76 OK
r-devel-linux-x86_64-fedora-clang 1.2.1 261.77 OK
r-devel-linux-x86_64-fedora-gcc 1.2.1 283.87 OK
r-devel-windows-x86_64 1.2.1 53.00 172.00 225.00 OK
r-patched-linux-x86_64 1.2.1 55.16 119.81 174.97 OK
r-release-linux-x86_64 1.2.1 58.32 125.01 183.33 OK
r-release-macos-arm64 1.2.1 61.00 OK
r-release-macos-x86_64 1.2.1 124.00 OK
r-release-windows-x86_64 1.2.1 50.00 163.00 213.00 OK
r-oldrel-macos-arm64 1.2.1 67.00 NOTE
r-oldrel-macos-x86_64 1.2.1 81.00 OK
r-oldrel-windows-ix86+x86_64 1.2.1 108.00 18.00 126.00 ERROR

Check Details

Version: 1.2.1
Check: installed package size
Result: NOTE
     installed size is 5.5Mb
     sub-directories of 1Mb or more:
     libs 5.1Mb
Flavor: r-oldrel-macos-arm64

Version: 1.2.1
Check: whether package can be installed
Result: ERROR
    Installation failed.
Flavor: r-oldrel-windows-ix86+x86_64