CRAN Package Check Results for Package groupedSurv

Last updated on 2022-09-24 21:51:03 CEST.

Flavor Version Tinstall Tcheck Ttotal Status Flags
r-devel-linux-x86_64-debian-clang 1.0.4.3 109.35 70.42 179.77 OK
r-devel-linux-x86_64-debian-gcc 1.0.4.3 82.33 53.56 135.89 OK
r-devel-linux-x86_64-fedora-clang 1.0.4.3 259.51 OK
r-devel-linux-x86_64-fedora-gcc 1.0.4.3 266.92 OK
r-devel-windows-x86_64 1.0.4.3 177.00 134.00 311.00 OK
r-patched-linux-x86_64 1.0.4.3 81.05 67.35 148.40 OK
r-release-linux-x86_64 1.0.4.3 88.03 66.76 154.79 OK
r-release-macos-arm64 1.0.4.3 64.00 NOTE
r-release-macos-x86_64 1.0.4.3 85.00 NOTE
r-release-windows-x86_64 1.0.4.3 90.00 139.00 229.00 OK
r-oldrel-macos-arm64 1.0.4.3 62.00 NOTE
r-oldrel-macos-x86_64 1.0.4.3 82.00 NOTE
r-oldrel-windows-ix86+x86_64 1.0.4.3 252.00 136.00 388.00 OK

Check Details

Version: 1.0.4.3
Check: installed package size
Result: NOTE
     installed size is 9.4Mb
     sub-directories of 1Mb or more:
     libs 8.9Mb
Flavors: r-release-macos-arm64, r-release-macos-x86_64, r-oldrel-macos-arm64, r-oldrel-macos-x86_64