Last updated on 2023-10-03 19:05:54 CEST.
Flavor | Version | Tinstall | Tcheck | Ttotal | Status | Flags |
---|---|---|---|---|---|---|
r-devel-linux-x86_64-debian-clang | 1.0.5.1 | 120.54 | 64.91 | 185.45 | OK | |
r-devel-linux-x86_64-debian-gcc | 1.0.5.1 | 74.86 | 50.58 | 125.44 | OK | |
r-devel-linux-x86_64-fedora-clang | 1.0.5.1 | 280.25 | OK | |||
r-devel-linux-x86_64-fedora-gcc | 1.0.5.1 | 282.81 | OK | |||
r-devel-windows-x86_64 | 1.0.5.1 | 85.00 | 110.00 | 195.00 | OK | |
r-patched-linux-x86_64 | 1.0.5 | 99.90 | 64.20 | 164.10 | NOTE | |
r-release-linux-x86_64 | 1.0.5.1 | 97.42 | 64.48 | 161.90 | OK | |
r-release-macos-arm64 | 1.0.5.1 | 155.00 | NOTE | |||
r-release-macos-x86_64 | 1.0.5.1 | 147.00 | NOTE | |||
r-release-windows-x86_64 | 1.0.5.1 | 108.00 | 119.00 | 227.00 | OK | |
r-oldrel-macos-arm64 | 1.0.5.1 | 60.00 | NOTE | |||
r-oldrel-macos-x86_64 | 1.0.5 | 82.00 | NOTE | |||
r-oldrel-windows-x86_64 | 1.0.5.1 | 102.00 | 115.00 | 217.00 | OK |
Version: 1.0.5
Check: C++ specification
Result: NOTE
Specified C++11: please drop specification unless essential
Flavor: r-patched-linux-x86_64
Version: 1.0.5.1
Check: installed package size
Result: NOTE
installed size is 8.6Mb
sub-directories of 1Mb or more:
libs 8.2Mb
Flavors: r-release-macos-arm64, r-release-macos-x86_64, r-oldrel-macos-arm64
Version: 1.0.5
Check: installed package size
Result: NOTE
installed size is 9.4Mb
sub-directories of 1Mb or more:
libs 9.0Mb
Flavor: r-oldrel-macos-x86_64