CRAN Package Check Results for Package grobblR

Last updated on 2021-04-09 19:49:28 CEST.

Flavor Version Tinstall Tcheck Ttotal Status Flags
r-devel-linux-x86_64-debian-clang 0.2.0 7.80 142.97 150.77 NOTE
r-devel-linux-x86_64-debian-gcc 0.2.0 6.12 107.16 113.28 NOTE
r-devel-linux-x86_64-fedora-clang 0.2.0 180.55 NOTE
r-devel-linux-x86_64-fedora-gcc 0.2.0 174.13 NOTE
r-devel-windows-ix86+x86_64 0.2.0 11.00 172.00 183.00 WARN
r-devel-windows-x86_64-gcc10-UCRT 0.2.0 NOTE
r-patched-linux-x86_64 0.2.0 6.94 138.97 145.91 OK
r-patched-solaris-x86 0.2.0 231.90 OK
r-release-linux-x86_64 0.2.0 OK
r-release-macos-x86_64 0.2.0 OK
r-release-windows-ix86+x86_64 0.2.0 12.00 222.00 234.00 WARN
r-oldrel-macos-x86_64 0.2.0 OK
r-oldrel-windows-ix86+x86_64 0.2.0 14.00 209.00 223.00 WARN

Check Details

Version: 0.2.0
Check: LazyData
Result: NOTE
     'LazyData' is specified without a 'data' directory
Flavors: r-devel-linux-x86_64-debian-clang, r-devel-linux-x86_64-debian-gcc, r-devel-linux-x86_64-fedora-clang, r-devel-linux-x86_64-fedora-gcc, r-devel-windows-ix86+x86_64, r-devel-windows-x86_64-gcc10-UCRT

Version: 0.2.0
Check: re-building of vignette outputs
Result: WARN
    Error(s) in re-building vignettes:
    --- re-building 'grob_layout.Rmd' using rmarkdown
    --- finished re-building 'grob_layout.Rmd'
    
    --- re-building 'grob_matrix.Rmd' using rmarkdown
    --- finished re-building 'grob_matrix.Rmd'
    
    --- re-building 'grobblR.Rmd' using rmarkdown
    Quitting from lines 260-278 (grobblR.Rmd)
    Error: processing vignette 'grobblR.Rmd' failed with diagnostics:
    The object passed through grob_image() must either be a ggplot object, an existing URL to a .png image or an existing local file path to a .png image.
    --- failed re-building 'grobblR.Rmd'
    
    SUMMARY: processing the following file failed:
     'grobblR.Rmd'
    
    Error: Vignette re-building failed.
    Execution halted
Flavors: r-devel-windows-ix86+x86_64, r-release-windows-ix86+x86_64, r-oldrel-windows-ix86+x86_64