CRAN Package Check Results for Package gripp

Last updated on 2022-11-27 06:52:58 CET.

Flavor Version Tinstall Tcheck Ttotal Status Flags
r-devel-linux-x86_64-debian-clang 0.2.20 2.68 37.47 40.15 NOTE
r-devel-linux-x86_64-debian-gcc 0.2.20 2.98 29.60 32.58 NOTE
r-devel-linux-x86_64-fedora-clang 0.2.20 61.99 NOTE
r-devel-linux-x86_64-fedora-gcc 0.2.20 59.83 NOTE
r-devel-windows-x86_64 0.2.20 17.00 68.00 85.00 NOTE
r-patched-linux-x86_64 0.2.20 3.45 36.11 39.56 NOTE
r-release-linux-x86_64 0.2.20 3.87 36.24 40.11 NOTE
r-release-macos-arm64 0.2.20 23.00 NOTE
r-release-macos-x86_64 0.2.20 42.00 NOTE
r-release-windows-x86_64 0.2.20 16.00 70.00 86.00 NOTE
r-oldrel-macos-arm64 0.2.20 27.00 NOTE
r-oldrel-macos-x86_64 0.2.20 33.00 NOTE
r-oldrel-windows-ix86+x86_64 0.2.20 10.00 67.00 77.00 NOTE

Check Details

Version: 0.2.20
Check: LazyData
Result: NOTE
     'LazyData' is specified without a 'data' directory
Flavors: r-devel-linux-x86_64-debian-clang, r-devel-linux-x86_64-debian-gcc, r-devel-linux-x86_64-fedora-clang, r-devel-linux-x86_64-fedora-gcc, r-devel-windows-x86_64, r-patched-linux-x86_64, r-release-linux-x86_64, r-release-macos-arm64, r-release-macos-x86_64, r-release-windows-x86_64, r-oldrel-macos-arm64, r-oldrel-macos-x86_64, r-oldrel-windows-ix86+x86_64

Version: 0.2.20
Check: dependencies in R code
Result: NOTE
    Namespace in Imports field not imported from: ‘usethis’
     All declared Imports should be used.
Flavors: r-devel-linux-x86_64-fedora-clang, r-devel-linux-x86_64-fedora-gcc, r-release-macos-arm64, r-release-macos-x86_64, r-oldrel-macos-arm64, r-oldrel-macos-x86_64