CRAN Package Check Results for Package gridtext

Last updated on 2020-08-10 22:49:30 CEST.

Flavor Version Tinstall Tcheck Ttotal Status Flags
r-devel-linux-x86_64-debian-clang 0.1.1 88.06 37.72 125.78 OK
r-devel-linux-x86_64-debian-gcc 0.1.1 66.09 29.32 95.41 OK
r-devel-linux-x86_64-fedora-clang 0.1.1 169.93 NOTE
r-devel-linux-x86_64-fedora-gcc 0.1.1 159.37 OK
r-devel-windows-ix86+x86_64 0.1.1 157.00 116.00 273.00 OK
r-patched-linux-x86_64 0.1.1 71.85 37.18 109.03 OK
r-patched-solaris-x86 0.1.1 123.20 OK
r-release-linux-x86_64 0.1.1 68.56 38.19 106.75 OK
r-release-macos-x86_64 0.1.1 NOTE
r-release-windows-ix86+x86_64 0.1.1 193.00 118.00 311.00 OK
r-oldrel-macos-x86_64 0.1.1 NOTE
r-oldrel-windows-ix86+x86_64 0.1.1 133.00 75.00 208.00 OK

Check Details

Version: 0.1.1
Check: installed package size
Result: NOTE
     installed size is 9.8Mb
     sub-directories of 1Mb or more:
     libs 9.2Mb
Flavors: r-devel-linux-x86_64-fedora-clang, r-release-macos-x86_64, r-oldrel-macos-x86_64