CRAN Package Check Results for Package greport

Last updated on 2024-06-16 12:57:08 CEST.

Flavor Version Tinstall Tcheck Ttotal Status Flags
r-devel-linux-x86_64-debian-clang 0.7-4 13.84 131.25 145.09 NOTE
r-devel-linux-x86_64-debian-gcc 0.7-4 13.90 96.33 110.23 NOTE
r-devel-linux-x86_64-fedora-clang 0.7-4 186.19 NOTE
r-devel-linux-x86_64-fedora-gcc 0.7-4 177.11 NOTE
r-devel-windows-x86_64 0.7-4 16.00 106.00 122.00 NOTE
r-patched-linux-x86_64 0.7-4 11.07 123.50 134.57 NOTE
r-release-linux-x86_64 0.7-4 11.12 124.64 135.76 NOTE
r-release-macos-arm64 0.7-4 50.00 NOTE
r-release-macos-x86_64 0.7-4 72.00 NOTE
r-release-windows-x86_64 0.7-4 16.00 107.00 123.00 NOTE
r-oldrel-macos-arm64 0.7-4 59.00 NOTE
r-oldrel-macos-x86_64 0.7-4 151.00 NOTE
r-oldrel-windows-x86_64 0.7-4 21.00 129.00 150.00 NOTE

Check Details

Version: 0.7-4
Check: R code for possible problems
Result: NOTE accrualReport: multiple local function definitions for ‘gg’ with different formal arguments Flavors: r-devel-linux-x86_64-debian-clang, r-devel-linux-x86_64-debian-gcc, r-devel-linux-x86_64-fedora-clang, r-devel-linux-x86_64-fedora-gcc, r-devel-windows-x86_64, r-patched-linux-x86_64, r-release-linux-x86_64, r-release-macos-arm64, r-release-macos-x86_64, r-release-windows-x86_64, r-oldrel-macos-arm64, r-oldrel-macos-x86_64, r-oldrel-windows-x86_64

Version: 0.7-4
Check: Rd files
Result: NOTE checkRd: (-1) setgreportOption.Rd:12: Lost braces in \itemize; meant \describe ? checkRd: (-1) setgreportOption.Rd:13: Lost braces in \itemize; meant \describe ? checkRd: (-1) setgreportOption.Rd:14: Lost braces in \itemize; meant \describe ? checkRd: (-1) setgreportOption.Rd:15: Lost braces in \itemize; meant \describe ? checkRd: (-1) setgreportOption.Rd:16: Lost braces in \itemize; meant \describe ? checkRd: (-1) setgreportOption.Rd:17: Lost braces in \itemize; meant \describe ? checkRd: (-1) setgreportOption.Rd:18: Lost braces in \itemize; meant \describe ? checkRd: (-1) setgreportOption.Rd:19: Lost braces in \itemize; meant \describe ? checkRd: (-1) setgreportOption.Rd:20: Lost braces in \itemize; meant \describe ? checkRd: (-1) setgreportOption.Rd:21: Lost braces in \itemize; meant \describe ? checkRd: (-1) setgreportOption.Rd:22: Lost braces in \itemize; meant \describe ? checkRd: (-1) setgreportOption.Rd:23: Lost braces in \itemize; meant \describe ? checkRd: (-1) setgreportOption.Rd:24: Lost braces 24 | \item{code{figpos}:}{LaTeX figure environment position; default is \code{"htb!"}} | ^ checkRd: (-1) setgreportOption.Rd:24: Lost braces in \itemize; meant \describe ? checkRd: (-1) setgreportOption.Rd:25: Lost braces in \itemize; meant \describe ? checkRd: (-1) setgreportOption.Rd:26: Lost braces in \itemize; meant \describe ? checkRd: (-1) setgreportOption.Rd:27: Lost braces in \itemize; meant \describe ? checkRd: (-1) setgreportOption.Rd:28: Lost braces in \itemize; meant \describe ? checkRd: (-1) setgreportOption.Rd:29: Lost braces in \itemize; meant \describe ? Flavors: r-devel-linux-x86_64-debian-clang, r-devel-linux-x86_64-debian-gcc, r-devel-linux-x86_64-fedora-clang, r-devel-linux-x86_64-fedora-gcc, r-devel-windows-x86_64, r-patched-linux-x86_64, r-release-linux-x86_64, r-release-macos-arm64, r-release-macos-x86_64, r-release-windows-x86_64