CRAN Package Check Results for Package gren

Last updated on 2022-10-01 13:51:32 CEST.

Flavor Version Tinstall Tcheck Ttotal Status Flags
r-devel-linux-x86_64-debian-clang 0.0.1 46.59 82.63 129.22 NOTE
r-devel-linux-x86_64-debian-gcc 0.0.1 40.45 63.26 103.71 NOTE
r-devel-linux-x86_64-fedora-clang 0.0.1 183.64 NOTE
r-devel-linux-x86_64-fedora-gcc 0.0.1 202.79 NOTE
r-devel-windows-x86_64 0.0.1 43.00 129.00 172.00 NOTE
r-patched-linux-x86_64 0.0.1 49.16 83.45 132.61 OK
r-release-linux-x86_64 0.0.1 43.09 80.53 123.62 OK
r-release-macos-arm64 0.0.1 51.00 OK
r-release-macos-x86_64 0.0.1 66.00 OK
r-release-windows-x86_64 0.0.1 40.00 128.00 168.00 OK
r-oldrel-macos-arm64 0.0.1 59.00 NOTE
r-oldrel-macos-x86_64 0.0.1 68.00 OK
r-oldrel-windows-ix86+x86_64 0.0.1 114.00 143.00 257.00 OK

Check Details

Version: 0.0.1
Check: package subdirectories
Result: NOTE
    Problems with news in 'NEWS.md':
    No news entries found.
Flavors: r-devel-linux-x86_64-debian-clang, r-devel-linux-x86_64-debian-gcc, r-devel-linux-x86_64-fedora-clang, r-devel-linux-x86_64-fedora-gcc, r-devel-windows-x86_64

Version: 0.0.1
Check: installed package size
Result: NOTE
     installed size is 5.2Mb
     sub-directories of 1Mb or more:
     libs 4.5Mb
Flavor: r-oldrel-macos-arm64