CRAN Package Check Results for Package greed

Last updated on 2022-08-13 07:11:36 CEST.

Flavor Version Tinstall Tcheck Ttotal Status Flags
r-devel-linux-x86_64-debian-clang 0.6.0 380.35 367.50 747.85 WARN
r-devel-linux-x86_64-debian-gcc 0.6.0 325.58 230.14 555.72 OK
r-devel-linux-x86_64-fedora-clang 0.6.0 1052.69 WARN
r-devel-linux-x86_64-fedora-gcc 0.6.0 976.41 NOTE
r-devel-windows-x86_64 0.6.0 417.00 367.00 784.00 OK
r-patched-linux-x86_64 0.6.0 356.69 306.49 663.18 OK
r-release-linux-x86_64 0.6.0 342.09 306.68 648.77 OK
r-release-macos-arm64 0.6.0 205.00 NOTE
r-release-macos-x86_64 0.6.0 370.00 NOTE
r-release-windows-x86_64 0.6.0 308.00 395.00 703.00 OK
r-oldrel-macos-arm64 0.6.0 199.00 NOTE
r-oldrel-macos-x86_64 0.6.0 268.00 NOTE
r-oldrel-windows-ix86+x86_64 0.6.0 906.00 697.00 1603.00 NOTE

Additional issues

clang14

Check Details

Version: 0.6.0
Check: whether package can be installed
Result: WARN
    Found the following significant warnings:
     SimpleIclCoModel.cpp:219:6: warning: use of bitwise '&' with boolean operands [-Wbitwise-instead-of-logical]
     SimpleIclCoModel.cpp:223:6: warning: use of bitwise '&' with boolean operands [-Wbitwise-instead-of-logical]
Flavors: r-devel-linux-x86_64-debian-clang, r-devel-linux-x86_64-fedora-clang

Version: 0.6.0
Check: data for non-ASCII characters
Result: NOTE
     Note: found 989 marked UTF-8 strings
Flavors: r-devel-linux-x86_64-fedora-clang, r-devel-linux-x86_64-fedora-gcc, r-release-macos-arm64, r-release-macos-x86_64, r-oldrel-macos-arm64, r-oldrel-macos-x86_64

Version: 0.6.0
Check: installed package size
Result: NOTE
     installed size is 19.3Mb
     sub-directories of 1Mb or more:
     libs 16.9Mb
Flavors: r-release-macos-arm64, r-release-macos-x86_64, r-oldrel-macos-arm64, r-oldrel-macos-x86_64, r-oldrel-windows-ix86+x86_64