CRAN Package Check Results for Package graphkernels

Last updated on 2022-10-04 07:49:48 CEST.

Flavor Version Tinstall Tcheck Ttotal Status Flags
r-devel-linux-x86_64-debian-clang 1.6.1 51.59 62.77 114.36 OK
r-devel-linux-x86_64-debian-gcc 1.6.1 42.04 51.62 93.66 OK
r-devel-linux-x86_64-fedora-clang 1.6.1 158.12 OK
r-devel-linux-x86_64-fedora-gcc 1.6.1 171.48 OK
r-devel-windows-x86_64 1.6.1 62.00 119.00 181.00 OK
r-patched-linux-x86_64 1.6.1 47.67 64.21 111.88 OK
r-release-linux-x86_64 1.6.1 41.20 64.60 105.80 OK
r-release-macos-arm64 1.6.1 49.00 NOTE
r-release-macos-x86_64 1.6.1 63.00 NOTE
r-release-windows-x86_64 1.6.1 97.00 117.00 214.00 OK
r-oldrel-macos-arm64 1.6.1 44.00 NOTE
r-oldrel-macos-x86_64 1.6.1 61.00 NOTE
r-oldrel-windows-ix86+x86_64 1.6.1 112.00 150.00 262.00 OK

Check Details

Version: 1.6.1
Check: installed package size
Result: NOTE
     installed size is 11.6Mb
     sub-directories of 1Mb or more:
     libs 11.5Mb
Flavors: r-release-macos-arm64, r-release-macos-x86_64, r-oldrel-macos-arm64, r-oldrel-macos-x86_64