CRAN Package Check Results for Package graphframes

Last updated on 2022-09-27 19:11:59 CEST.

Flavor Version Tinstall Tcheck Ttotal Status Flags
r-devel-linux-x86_64-debian-clang 0.1.2 8.14 68.18 76.32 NOTE
r-devel-linux-x86_64-debian-gcc 0.1.2 6.15 51.10 57.25 NOTE
r-devel-linux-x86_64-fedora-clang 0.1.2 105.87 NOTE
r-devel-linux-x86_64-fedora-gcc 0.1.2 106.88 NOTE
r-devel-windows-x86_64 0.1.2 26.00 96.00 122.00 NOTE
r-patched-linux-x86_64 0.1.2 7.00 64.43 71.43 NOTE
r-release-linux-x86_64 0.1.2 8.12 62.07 70.19 NOTE
r-release-macos-arm64 0.1.2 27.00 NOTE
r-release-macos-x86_64 0.1.2 66.00 NOTE
r-release-windows-x86_64 0.1.2 35.00 97.00 132.00 NOTE
r-oldrel-macos-arm64 0.1.2 46.00 NOTE
r-oldrel-macos-x86_64 0.1.2 50.00 NOTE
r-oldrel-windows-ix86+x86_64 0.1.2 19.00 90.00 109.00 NOTE

Check Details

Version: 0.1.2
Check: LazyData
Result: NOTE
     'LazyData' is specified without a 'data' directory
Flavors: r-devel-linux-x86_64-debian-clang, r-devel-linux-x86_64-debian-gcc, r-devel-linux-x86_64-fedora-clang, r-devel-linux-x86_64-fedora-gcc, r-devel-windows-x86_64, r-patched-linux-x86_64, r-release-linux-x86_64, r-release-macos-arm64, r-release-macos-x86_64, r-release-windows-x86_64, r-oldrel-macos-arm64, r-oldrel-macos-x86_64, r-oldrel-windows-ix86+x86_64