CRAN Package Check Results for Package graphTweets

Last updated on 2024-05-19 18:54:11 CEST.

Flavor Version Tinstall Tcheck Ttotal Status Flags
r-devel-linux-x86_64-debian-clang 0.5.3 6.11 45.90 52.01 OK
r-devel-linux-x86_64-debian-gcc 0.5.3 4.16 35.44 39.60 OK
r-devel-linux-x86_64-fedora-clang 0.5.3 64.53 NOTE
r-devel-linux-x86_64-fedora-gcc 0.5.3 84.69 NOTE
r-devel-windows-x86_64 0.5.3 5.00 54.00 59.00 OK
r-patched-linux-x86_64 0.5.3 3.36 43.38 46.74 OK
r-release-linux-x86_64 0.5.3 3.53 43.60 47.13 OK
r-release-macos-arm64 0.5.3 24.00 OK
r-release-windows-x86_64 0.5.3 7.00 56.00 63.00 OK
r-oldrel-macos-arm64 0.5.3 24.00 OK
r-oldrel-macos-x86_64 0.5.3 34.00 OK
r-oldrel-windows-x86_64 0.5.3 6.00 61.00 67.00 OK

Check Details

Version: 0.5.3
Check: dependencies in R code
Result: NOTE Namespace in Imports field not imported from: ‘utils’ All declared Imports should be used. Flavors: r-devel-linux-x86_64-fedora-clang, r-devel-linux-x86_64-fedora-gcc