CRAN Package Check Results for Package graphTweets

Last updated on 2022-08-15 19:51:18 CEST.

Flavor Version Tinstall Tcheck Ttotal Status Flags
r-devel-linux-x86_64-debian-clang 0.5.3 5.52 53.01 58.53 OK
r-devel-linux-x86_64-debian-gcc 0.5.3 3.94 39.73 43.67 OK
r-devel-linux-x86_64-fedora-clang 0.5.3 82.26 NOTE
r-devel-linux-x86_64-fedora-gcc 0.5.3 78.10 NOTE
r-devel-windows-x86_64 0.5.3 16.00 73.00 89.00 OK
r-patched-linux-x86_64 0.5.3 5.05 49.27 54.32 OK
r-release-linux-x86_64 0.5.3 4.93 49.24 54.17 OK
r-release-macos-arm64 0.5.3 23.00 NOTE
r-release-macos-x86_64 0.5.3 72.00 NOTE
r-release-windows-x86_64 0.5.3 32.00 75.00 107.00 OK
r-oldrel-macos-arm64 0.5.3 29.00 NOTE
r-oldrel-macos-x86_64 0.5.3 41.00 NOTE
r-oldrel-windows-ix86+x86_64 0.5.3 14.00 71.00 85.00 OK

Check Details

Version: 0.5.3
Check: dependencies in R code
Result: NOTE
    Namespace in Imports field not imported from: ‘utils’
     All declared Imports should be used.
Flavors: r-devel-linux-x86_64-fedora-clang, r-devel-linux-x86_64-fedora-gcc, r-release-macos-arm64, r-release-macos-x86_64, r-oldrel-macos-arm64, r-oldrel-macos-x86_64