CRAN Package Check Results for Package graph4lg

Last updated on 2024-06-14 00:53:44 CEST.

Flavor Version Tinstall Tcheck Ttotal Status Flags
r-devel-linux-x86_64-debian-clang 1.8.0 15.18 214.17 229.35 OK
r-devel-linux-x86_64-debian-gcc 1.8.0 0.83 2.22 3.05 ERROR
r-devel-linux-x86_64-fedora-clang 1.8.0 292.50 NOTE
r-devel-linux-x86_64-fedora-gcc 1.8.0 288.14 NOTE
r-devel-windows-x86_64 1.8.0 15.00 194.00 209.00 OK
r-patched-linux-x86_64 1.8.0 11.47 206.02 217.49 OK
r-release-linux-x86_64 1.8.0 10.70 204.60 215.30 OK
r-release-macos-arm64 1.8.0 84.00 OK
r-release-macos-x86_64 1.8.0 127.00 OK
r-release-windows-x86_64 1.8.0 14.00 192.00 206.00 OK
r-oldrel-macos-arm64 1.8.0 84.00 OK
r-oldrel-macos-x86_64 1.8.0 138.00 OK
r-oldrel-windows-x86_64 1.8.0 23.00 240.00 263.00 OK

Check Details

Version: 1.8.0
Check: package dependencies
Result: ERROR Packages required but not available: 'adegenet', 'ggplot2', 'stringr', 'igraph', 'tidyr', 'hierfstat', 'gdistance', 'ecodist' See section ‘The DESCRIPTION file’ in the ‘Writing R Extensions’ manual. Flavor: r-devel-linux-x86_64-debian-gcc

Version: 1.8.0
Check: dependencies in R code
Result: NOTE Namespace in Imports field not imported from: ‘Rdpack’ All declared Imports should be used. Flavors: r-devel-linux-x86_64-fedora-clang, r-devel-linux-x86_64-fedora-gcc