CRAN Package Check Results for Package graph3d

Last updated on 2024-05-24 12:57:59 CEST.

Flavor Version Tinstall Tcheck Ttotal Status Flags
r-devel-linux-x86_64-debian-clang 0.2.0 2.79 31.94 34.73 NOTE
r-devel-linux-x86_64-debian-gcc 0.2.0 2.20 25.35 27.55 NOTE
r-devel-linux-x86_64-fedora-clang 0.2.0 45.12 NOTE
r-devel-linux-x86_64-fedora-gcc 0.2.0 43.29 NOTE
r-devel-windows-x86_64 0.2.0 4.00 47.00 51.00 NOTE
r-patched-linux-x86_64 0.2.0 3.47 31.22 34.69 NOTE
r-release-linux-x86_64 0.2.0 2.90 31.76 34.66 NOTE
r-release-macos-arm64 0.2.0 19.00 NOTE
r-release-windows-x86_64 0.2.0 5.00 47.00 52.00 NOTE
r-oldrel-macos-arm64 0.2.0 25.00 NOTE
r-oldrel-macos-x86_64 0.2.0 24.00 NOTE
r-oldrel-windows-x86_64 0.2.0 5.00 49.00 54.00 NOTE

Check Details

Version: 0.2.0
Check: LazyData
Result: NOTE 'LazyData' is specified without a 'data' directory Flavors: r-devel-linux-x86_64-debian-clang, r-devel-linux-x86_64-debian-gcc, r-devel-linux-x86_64-fedora-clang, r-devel-linux-x86_64-fedora-gcc, r-devel-windows-x86_64, r-patched-linux-x86_64, r-release-linux-x86_64, r-release-macos-arm64, r-release-windows-x86_64, r-oldrel-macos-arm64, r-oldrel-macos-x86_64, r-oldrel-windows-x86_64