CRAN Package Check Results for Package grabsampling

Last updated on 2024-06-18 12:55:54 CEST.

Flavor Version Tinstall Tcheck Ttotal Status Flags
r-devel-linux-x86_64-debian-clang 1.0.0 3.87 36.15 40.02 NOTE
r-devel-linux-x86_64-debian-gcc 1.0.0 2.82 26.55 29.37 NOTE
r-devel-linux-x86_64-fedora-clang 1.0.0 48.57 NOTE
r-devel-linux-x86_64-fedora-gcc 1.0.0 46.31 NOTE
r-devel-windows-x86_64 1.0.0 4.00 49.00 53.00 NOTE
r-patched-linux-x86_64 1.0.0 3.07 34.06 37.13 NOTE
r-release-linux-x86_64 1.0.0 3.51 33.95 37.46 NOTE
r-release-macos-arm64 1.0.0 19.00 NOTE
r-release-macos-x86_64 1.0.0 26.00 NOTE
r-release-windows-x86_64 1.0.0 4.00 51.00 55.00 NOTE
r-oldrel-macos-arm64 1.0.0 21.00 NOTE
r-oldrel-macos-x86_64 1.0.0 28.00 NOTE
r-oldrel-windows-x86_64 1.0.0 6.00 54.00 60.00 NOTE

Check Details

Version: 1.0.0
Check: LazyData
Result: NOTE 'LazyData' is specified without a 'data' directory Flavors: r-devel-linux-x86_64-debian-clang, r-devel-linux-x86_64-debian-gcc, r-devel-linux-x86_64-fedora-clang, r-devel-linux-x86_64-fedora-gcc, r-devel-windows-x86_64, r-patched-linux-x86_64, r-release-linux-x86_64, r-release-macos-arm64, r-release-macos-x86_64, r-release-windows-x86_64, r-oldrel-macos-arm64, r-oldrel-macos-x86_64, r-oldrel-windows-x86_64