Last updated on 2022-08-08 00:54:09 CEST.
Flavor | Version | Tinstall | Tcheck | Ttotal | Status | Flags |
---|---|---|---|---|---|---|
r-devel-linux-x86_64-debian-clang | 0.5.0 | 10.43 | 81.43 | 91.86 | NOTE | |
r-devel-linux-x86_64-debian-gcc | 0.5.0 | 7.25 | 60.18 | 67.43 | NOTE | |
r-devel-linux-x86_64-fedora-clang | 0.5.0 | 118.73 | NOTE | |||
r-devel-linux-x86_64-fedora-gcc | 0.5.0 | 110.37 | OK | |||
r-devel-windows-x86_64 | 0.5.0 | 14.00 | 117.00 | 131.00 | OK | |
r-patched-linux-x86_64 | 0.5.0 | 12.77 | 71.84 | 84.61 | OK | |
r-release-linux-x86_64 | 0.5.0 | 8.61 | 73.71 | 82.32 | OK | |
r-release-macos-arm64 | 0.5.0 | 30.00 | OK | |||
r-release-macos-x86_64 | 0.5.0 | 57.00 | OK | |||
r-release-windows-x86_64 | 0.5.0 | 368.00 | 120.00 | 488.00 | OK | |
r-oldrel-macos-arm64 | 0.5.0 | 36.00 | OK | |||
r-oldrel-macos-x86_64 | 0.5.0 | 50.00 | OK | |||
r-oldrel-windows-ix86+x86_64 | 0.5.0 | 20.00 | 96.00 | 116.00 | OK |
Version: 0.5.0
Check: HTML version of manual
Result: NOTE
Found the following HTML validation problems:
cr_run.html:115:1: Warning: trimming empty <dt>
Flavors: r-devel-linux-x86_64-debian-clang, r-devel-linux-x86_64-debian-gcc
Version: 0.5.0
Check: Rd cross-references
Result: NOTE
Undeclared packages ‘rcmdcheck’, ‘covr’, ‘devtools’, ‘pkgdown’ in Rd xrefs
Flavor: r-devel-linux-x86_64-fedora-clang