CRAN Package Check Results for Package golem

Last updated on 2022-08-17 00:52:03 CEST.

Flavor Version Tinstall Tcheck Ttotal Status Flags
r-devel-linux-x86_64-debian-clang 0.3.3 10.13 130.04 140.17 OK
r-devel-linux-x86_64-debian-gcc 0.3.3 7.71 96.63 104.34 OK
r-devel-linux-x86_64-fedora-clang 0.3.3 188.98 OK
r-devel-linux-x86_64-fedora-gcc 0.3.3 348.99 OK
r-devel-windows-x86_64 0.3.3 51.00 285.00 336.00 OK
r-patched-linux-x86_64 0.3.3 10.13 121.49 131.62 OK
r-release-linux-x86_64 0.3.3 8.37 122.63 131.00 OK
r-release-macos-arm64 0.3.3 199.00 OK
r-release-macos-x86_64 0.3.3 294.00 OK
r-release-windows-x86_64 0.3.3 44.00 281.00 325.00 OK
r-oldrel-macos-arm64 0.3.3 214.00 OK
r-oldrel-macos-x86_64 0.3.3 298.00 OK
r-oldrel-windows-ix86+x86_64 0.3.3 22.00 235.00 257.00 WARN

Check Details

Version: 0.3.3
Check: for unstated dependencies in ‘tests’
Result: WARN
    Warning: unable to access index for repository https://bioconductor.org/packages/3.14/bioc/src/contrib:
     cannot open URL 'https://bioconductor.org/packages/3.14/bioc/src/contrib/PACKAGES'
    Warning: unable to access index for repository https://bioconductor.org/packages/3.14/data/annotation/src/contrib:
     cannot open URL 'https://bioconductor.org/packages/3.14/data/annotation/src/contrib/PACKAGES'
    Warning: unable to access index for repository https://bioconductor.org/packages/3.14/data/experiment/src/contrib:
     cannot open URL 'https://bioconductor.org/packages/3.14/data/experiment/src/contrib/PACKAGES'
Flavor: r-oldrel-windows-ix86+x86_64