CRAN Package Check Results for Package goffda

Last updated on 2020-05-30 13:51:26 CEST.

Flavor Version Tinstall Tcheck Ttotal Status Flags
r-devel-linux-x86_64-debian-clang 0.0.6 40.03 103.17 143.20 OK
r-devel-linux-x86_64-debian-gcc 0.0.6 28.36 79.42 107.78 OK
r-devel-linux-x86_64-fedora-clang 0.0.6 178.84 NOTE
r-devel-linux-x86_64-fedora-gcc 0.0.6 171.81 NOTE
r-devel-windows-ix86+x86_64 0.0.6 90.00 231.00 321.00 OK
r-patched-linux-x86_64 0.0.6 35.19 102.94 138.13 OK
r-patched-solaris-x86 0.0.6 227.30 NOTE
r-release-linux-x86_64 0.0.6 33.33 103.59 136.92 OK
r-release-osx-x86_64 0.0.6 NOTE
r-release-windows-ix86+x86_64 0.0.6 81.00 220.00 301.00 OK
r-oldrel-osx-x86_64 0.0.6 NOTE
r-oldrel-windows-ix86+x86_64 0.0.6 74.00 174.00 248.00 OK

Check Details

Version: 0.0.6
Check: data for non-ASCII characters
Result: NOTE
     Note: found 1745 marked UTF-8 strings
Flavors: r-devel-linux-x86_64-fedora-clang, r-devel-linux-x86_64-fedora-gcc, r-patched-solaris-x86, r-release-osx-x86_64, r-oldrel-osx-x86_64