CRAN Package Check Results for Package goffda

Last updated on 2022-10-05 18:49:00 CEST.

Flavor Version Tinstall Tcheck Ttotal Status Flags
r-devel-linux-x86_64-debian-clang 0.1.1 40.77 134.79 175.56 OK
r-devel-linux-x86_64-debian-gcc 0.1.1 32.66 100.35 133.01 OK
r-devel-linux-x86_64-fedora-clang 0.1.1 233.64 NOTE
r-devel-linux-x86_64-fedora-gcc 0.1.1 238.54 NOTE
r-devel-windows-x86_64 0.1.1 103.00 175.00 278.00 OK
r-patched-linux-x86_64 0.1.1 41.24 129.28 170.52 OK
r-release-linux-x86_64 0.1.1 33.34 128.88 162.22 OK
r-release-macos-arm64 0.1.1 69.00 NOTE
r-release-macos-x86_64 0.1.1 96.00 NOTE
r-release-windows-x86_64 0.1.1 40.00 178.00 218.00 OK
r-oldrel-macos-arm64 0.1.1 68.00 NOTE
r-oldrel-macos-x86_64 0.1.1 100.00 NOTE
r-oldrel-windows-ix86+x86_64 0.1.1 99.00 233.00 332.00 OK

Check Details

Version: 0.1.1
Check: data for non-ASCII characters
Result: NOTE
     Note: found 1352 marked UTF-8 strings
Flavors: r-devel-linux-x86_64-fedora-clang, r-devel-linux-x86_64-fedora-gcc, r-release-macos-arm64, r-release-macos-x86_64, r-oldrel-macos-arm64, r-oldrel-macos-x86_64