CRAN Package Check Results for Package gofar

Last updated on 2022-10-02 12:55:54 CEST.

Flavor Version Tinstall Tcheck Ttotal Status Flags
r-devel-linux-x86_64-debian-clang 0.1 67.34 104.23 171.57 OK
r-devel-linux-x86_64-debian-gcc 0.1 53.72 77.68 131.40 OK
r-devel-linux-x86_64-fedora-clang 0.1 231.36 NOTE
r-devel-linux-x86_64-fedora-gcc 0.1 235.34 NOTE
r-devel-windows-x86_64 0.1 50.00 143.00 193.00 OK
r-patched-linux-x86_64 0.1 55.94 96.79 152.73 OK
r-release-linux-x86_64 0.1 57.12 97.20 154.32 OK
r-release-macos-arm64 0.1 58.00 NOTE
r-release-macos-x86_64 0.1 122.00 NOTE
r-release-windows-x86_64 0.1 51.00 144.00 195.00 OK
r-oldrel-macos-arm64 0.1 64.00 NOTE
r-oldrel-macos-x86_64 0.1 73.00 NOTE
r-oldrel-windows-ix86+x86_64 0.1 143.00 172.00 315.00 OK

Check Details

Version: 0.1
Check: dependencies in R code
Result: NOTE
    Namespace in Imports field not imported from: ‘Rcpp’
     All declared Imports should be used.
Flavors: r-devel-linux-x86_64-fedora-clang, r-devel-linux-x86_64-fedora-gcc, r-release-macos-arm64, r-release-macos-x86_64, r-oldrel-macos-arm64, r-oldrel-macos-x86_64

Version: 0.1
Check: installed package size
Result: NOTE
     installed size is 5.6Mb
     sub-directories of 1Mb or more:
     libs 5.3Mb
Flavors: r-release-macos-arm64, r-release-macos-x86_64, r-oldrel-macos-arm64, r-oldrel-macos-x86_64