CRAN Package Check Results for Package goeveg

Last updated on 2020-08-10 22:49:29 CEST.

Flavor Version Tinstall Tcheck Ttotal Status Flags
r-devel-linux-x86_64-debian-clang 0.4.2 13.50 122.01 135.51 OK
r-devel-linux-x86_64-debian-gcc 0.4.2 12.96 91.82 104.78 OK
r-devel-linux-x86_64-fedora-clang 0.4.2 164.14 NOTE
r-devel-linux-x86_64-fedora-gcc 0.4.2 156.01 NOTE
r-devel-windows-ix86+x86_64 0.4.2 36.00 181.00 217.00 OK
r-patched-linux-x86_64 0.4.2 11.83 117.42 129.25 OK
r-patched-solaris-x86 0.4.2 237.80 NOTE
r-release-linux-x86_64 0.4.2 12.47 116.73 129.20 OK
r-release-macos-x86_64 0.4.2 NOTE
r-release-windows-ix86+x86_64 0.4.2 41.00 188.00 229.00 OK
r-oldrel-macos-x86_64 0.4.2 NOTE
r-oldrel-windows-ix86+x86_64 0.4.2 27.00 120.00 147.00 OK

Check Details

Version: 0.4.2
Check: dependencies in R code
Result: NOTE
    Namespace in Imports field not imported from: ‘cluster’
     All declared Imports should be used.
Flavors: r-devel-linux-x86_64-fedora-clang, r-devel-linux-x86_64-fedora-gcc, r-patched-solaris-x86, r-release-macos-x86_64, r-oldrel-macos-x86_64