Last updated on 2023-01-31 19:07:25 CET.
Flavor | Version | Tinstall | Tcheck | Ttotal | Status | Flags |
---|---|---|---|---|---|---|
r-devel-linux-x86_64-debian-clang | 1.0.0 | 2.14 | 24.06 | 26.20 | NOTE | |
r-devel-linux-x86_64-debian-gcc | 1.0.0 | 1.46 | 19.56 | 21.02 | NOTE | |
r-devel-linux-x86_64-fedora-clang | 1.0.0 | 34.31 | NOTE | |||
r-devel-linux-x86_64-fedora-gcc | 1.0.0 | 43.20 | NOTE | |||
r-devel-windows-x86_64 | 1.0.0 | 12.00 | 54.00 | 66.00 | NOTE | |
r-patched-linux-x86_64 | 1.0.0 | 2.06 | 24.57 | 26.63 | NOTE | |
r-release-linux-x86_64 | 1.0.0 | 1.85 | 24.42 | 26.27 | NOTE | |
r-release-macos-arm64 | 1.0.0 | 17.00 | NOTE | |||
r-release-macos-x86_64 | 1.0.0 | 24.00 | NOTE | |||
r-release-windows-x86_64 | 1.0.0 | 10.00 | 56.00 | 66.00 | NOTE | |
r-oldrel-macos-arm64 | 1.0.0 | 21.00 | NOTE | |||
r-oldrel-macos-x86_64 | 1.0.0 | 27.00 | NOTE | |||
r-oldrel-windows-ix86+x86_64 | 1.0.0 | 5.00 | 49.00 | 54.00 | NOTE |
Version: 1.0.0
Check: LazyData
Result: NOTE
'LazyData' is specified without a 'data' directory
Flavors: r-devel-linux-x86_64-debian-clang, r-devel-linux-x86_64-debian-gcc, r-devel-linux-x86_64-fedora-clang, r-devel-linux-x86_64-fedora-gcc, r-devel-windows-x86_64, r-patched-linux-x86_64, r-release-linux-x86_64, r-release-macos-arm64, r-release-macos-x86_64, r-release-windows-x86_64, r-oldrel-macos-arm64, r-oldrel-macos-x86_64, r-oldrel-windows-ix86+x86_64