Last updated on 2023-01-31 06:51:23 CET.
Flavor | Version | Tinstall | Tcheck | Ttotal | Status | Flags |
---|---|---|---|---|---|---|
r-devel-linux-x86_64-debian-clang | 1.1-2 | 14.94 | 133.38 | 148.32 | NOTE | |
r-devel-linux-x86_64-debian-gcc | 1.1-2 | 12.03 | 102.23 | 114.26 | NOTE | |
r-devel-linux-x86_64-fedora-clang | 1.1-2 | 186.08 | NOTE | |||
r-devel-linux-x86_64-fedora-gcc | 1.1-2 | 199.78 | NOTE | |||
r-devel-windows-x86_64 | 1.1-2 | 71.00 | 222.00 | 293.00 | NOTE | |
r-patched-linux-x86_64 | 1.1-2 | 13.33 | 127.52 | 140.85 | OK | |
r-release-linux-x86_64 | 1.1-2 | 11.18 | 128.09 | 139.27 | OK | |
r-release-macos-arm64 | 1.1-2 | 56.00 | OK | |||
r-release-macos-x86_64 | 1.1-2 | 91.00 | OK | |||
r-release-windows-x86_64 | 1.1-2 | 57.00 | 223.00 | 280.00 | OK | |
r-oldrel-macos-arm64 | 1.1-2 | 59.00 | OK | |||
r-oldrel-macos-x86_64 | 1.1-2 | 77.00 | OK | |||
r-oldrel-windows-ix86+x86_64 | 1.1-2 | 28.00 | 210.00 | 238.00 | OK |
Version: 1.1-2
Check: Rd files
Result: NOTE
checkRd: (-1) barleyHeights.Rd:18: Escaped LaTeX specials: \&
checkRd: (-1) barleyHeights.Rd:22: Escaped LaTeX specials: \&
Flavors: r-devel-linux-x86_64-debian-clang, r-devel-linux-x86_64-debian-gcc, r-devel-linux-x86_64-fedora-clang, r-devel-linux-x86_64-fedora-gcc, r-devel-windows-x86_64