Last updated on 2022-08-18 00:54:15 CEST.
Flavor | Version | Tinstall | Tcheck | Ttotal | Status | Flags |
---|---|---|---|---|---|---|
r-devel-linux-x86_64-debian-clang | 1.1-2 | 15.12 | 134.99 | 150.11 | NOTE | |
r-devel-linux-x86_64-debian-gcc | 1.1-2 | NOTE | ||||
r-devel-linux-x86_64-fedora-clang | 1.1-2 | 192.64 | NOTE | |||
r-devel-linux-x86_64-fedora-gcc | 1.1-2 | 184.87 | NOTE | |||
r-devel-windows-x86_64 | 1.1-2 | 37.00 | 205.00 | 242.00 | NOTE | |
r-patched-linux-x86_64 | 1.1-2 | 13.69 | 127.24 | 140.93 | OK | |
r-release-linux-x86_64 | 1.1-2 | 15.56 | 126.67 | 142.23 | OK | |
r-release-macos-arm64 | 1.1-2 | 56.00 | OK | |||
r-release-macos-x86_64 | 1.1-2 | 91.00 | OK | |||
r-release-windows-x86_64 | 1.1-2 | 60.00 | 205.00 | 265.00 | OK | |
r-oldrel-macos-arm64 | 1.1-2 | 59.00 | OK | |||
r-oldrel-macos-x86_64 | 1.1-2 | 77.00 | OK | |||
r-oldrel-windows-ix86+x86_64 | 1.1-2 | 27.00 | 211.00 | 238.00 | OK |
Version: 1.1-2
Check: Rd files
Result: NOTE
checkRd: (-1) barleyHeights.Rd:18: Escaped LaTeX specials: \&
checkRd: (-1) barleyHeights.Rd:22: Escaped LaTeX specials: \&
Flavors: r-devel-linux-x86_64-debian-clang, r-devel-linux-x86_64-debian-gcc, r-devel-linux-x86_64-fedora-clang, r-devel-linux-x86_64-fedora-gcc, r-devel-windows-x86_64