CRAN Package Check Results for Package gnm

Last updated on 2024-06-14 00:53:44 CEST.

Flavor Version Tinstall Tcheck Ttotal Status Flags
r-devel-linux-x86_64-debian-clang 1.1-5 12.26 142.13 154.39 OK
r-devel-linux-x86_64-debian-gcc 1.1-5 12.26 102.14 114.40 ERROR
r-devel-linux-x86_64-fedora-clang 1.1-5 202.38 OK
r-devel-linux-x86_64-fedora-gcc 1.1-5 201.91 OK
r-devel-windows-x86_64 1.1-5 14.00 153.00 167.00 OK
r-patched-linux-x86_64 1.1-5 16.55 140.46 157.01 OK
r-release-linux-x86_64 1.1-5 11.03 140.88 151.91 OK
r-release-macos-arm64 1.1-5 65.00 OK
r-release-macos-x86_64 1.1-5 140.00 OK
r-release-windows-x86_64 1.1-5 15.00 158.00 173.00 OK
r-oldrel-macos-arm64 1.1-5 83.00 OK
r-oldrel-macos-x86_64 1.1-5 223.00 OK
r-oldrel-windows-x86_64 1.1-5 18.00 173.00 191.00 OK

Check Details

Version: 1.1-5
Check: package dependencies
Result: NOTE Packages suggested but not available for checking: 'testthat', 'vcdExtra' Flavor: r-devel-linux-x86_64-debian-gcc

Version: 1.1-5
Check: tests
Result: ERROR Running ‘testthat.R’ [0s/0s] Running the tests in ‘tests/testthat.R’ failed. Complete output: > # This file is part of the standard setup for testthat. > # It is recommended that you do not modify it. > # > # Where should you do additional test configuration? > # Learn more about the roles of various files in: > # * https://r-pkgs.org/testing-design.html#sec-tests-files-overview > # * https://testthat.r-lib.org/articles/special-files.html > > library(testthat) Error in library(testthat) : there is no package called 'testthat' Execution halted Flavor: r-devel-linux-x86_64-debian-gcc