CRAN Package Check Results for Package gnlm

Last updated on 2020-10-22 01:47:54 CEST.

Flavor Version Tinstall Tcheck Ttotal Status Flags
r-devel-linux-x86_64-debian-clang 1.1.1 12.82 57.25 70.07 OK
r-devel-linux-x86_64-debian-gcc 1.1.1 11.09 42.13 53.22 OK
r-devel-linux-x86_64-fedora-clang 1.1.1 89.07 NOTE
r-devel-linux-x86_64-fedora-gcc 1.1.1 82.13 OK
r-devel-windows-ix86+x86_64 1.1.1 23.00 78.00 101.00 OK
r-patched-linux-x86_64 1.1.1 11.62 51.74 63.36 OK
r-patched-solaris-x86 1.1.1 96.60 OK
r-release-linux-x86_64 1.1.1 11.83 52.32 64.15 OK
r-release-macos-x86_64 1.1.1 OK
r-release-windows-ix86+x86_64 1.1.1 19.00 56.00 75.00 OK
r-oldrel-macos-x86_64 1.1.1 OK
r-oldrel-windows-ix86+x86_64 1.1.1 24.00 68.00 92.00 OK

Check Details

Version: 1.1.1
Check: Rd cross-references
Result: NOTE
    Undeclared package ‘repeated’ in Rd xrefs
Flavor: r-devel-linux-x86_64-fedora-clang