CRAN Package Check Results for Package gms

Last updated on 2022-10-06 06:49:35 CEST.

Flavor Version Tinstall Tcheck Ttotal Status Flags
r-devel-linux-x86_64-debian-clang 0.4.0 7.69 74.40 82.09 NOTE
r-devel-linux-x86_64-debian-gcc 0.4.0 6.58 56.40 62.98 NOTE
r-devel-linux-x86_64-fedora-clang 0.4.0 111.24 NOTE
r-devel-linux-x86_64-fedora-gcc 0.4.0 115.21 NOTE
r-devel-windows-x86_64 0.4.0 34.00 110.00 144.00 NOTE
r-patched-linux-x86_64 0.4.0 8.72 68.95 77.67 OK
r-release-linux-x86_64 0.4.0 5.45 69.12 74.57 OK
r-release-macos-arm64 0.4.0 30.00 OK
r-release-macos-x86_64 0.4.0 48.00 OK
r-release-windows-x86_64 0.4.0 17.00 99.00 116.00 OK
r-oldrel-macos-arm64 0.4.0 37.00 OK
r-oldrel-macos-x86_64 0.4.0 49.00 OK
r-oldrel-windows-ix86+x86_64 0.4.0 18.00 106.00 124.00 WARN

Check Details

Version: 0.4.0
Check: Rd files
Result: NOTE
    checkRd: (-1) replace_in_file.Rd:40: Escaped LaTeX specials: \#
Flavors: r-devel-linux-x86_64-debian-clang, r-devel-linux-x86_64-debian-gcc, r-devel-linux-x86_64-fedora-clang, r-devel-linux-x86_64-fedora-gcc, r-devel-windows-x86_64

Version: 0.4.0
Check: for unstated dependencies in ‘tests’
Result: WARN
    Warning: unable to access index for repository https://bioconductor.org/packages/3.14/bioc/src/contrib:
     cannot open URL 'https://bioconductor.org/packages/3.14/bioc/src/contrib/PACKAGES'
    Warning: unable to access index for repository https://bioconductor.org/packages/3.14/data/annotation/src/contrib:
     cannot open URL 'https://bioconductor.org/packages/3.14/data/annotation/src/contrib/PACKAGES'
    Warning: unable to access index for repository https://bioconductor.org/packages/3.14/data/experiment/src/contrib:
     cannot open URL 'https://bioconductor.org/packages/3.14/data/experiment/src/contrib/PACKAGES'
Flavor: r-oldrel-windows-ix86+x86_64