CRAN Package Check Results for Package gmGeostats

Last updated on 2022-10-02 12:55:54 CEST.

Flavor Version Tinstall Tcheck Ttotal Status Flags
r-devel-linux-x86_64-debian-clang 0.11.1 24.75 169.21 193.96 OK
r-devel-linux-x86_64-debian-gcc 0.11.1 19.57 125.81 145.38 OK
r-devel-linux-x86_64-fedora-clang 0.11.1 271.55 NOTE
r-devel-linux-x86_64-fedora-gcc 0.11.1 256.57 NOTE
r-devel-windows-x86_64 0.11.1 134.00 221.00 355.00 OK
r-patched-linux-x86_64 0.11.1 27.28 156.77 184.05 OK
r-release-linux-x86_64 0.11.1 22.91 160.02 182.93 OK
r-release-macos-arm64 0.11.1 67.00 NOTE
r-release-macos-x86_64 0.11.1 89.00 NOTE
r-release-windows-x86_64 0.11.1 134.00 202.00 336.00 OK
r-oldrel-macos-arm64 0.11.1 75.00 NOTE
r-oldrel-macos-x86_64 0.11.1 88.00 NOTE
r-oldrel-windows-ix86+x86_64 0.11.1 47.00 247.00 294.00 OK

Check Details

Version: 0.11.1
Check: data for non-ASCII characters
Result: NOTE
     Note: found 2629 marked UTF-8 strings
Flavors: r-devel-linux-x86_64-fedora-clang, r-devel-linux-x86_64-fedora-gcc, r-release-macos-arm64, r-release-macos-x86_64, r-oldrel-macos-arm64, r-oldrel-macos-x86_64