CRAN Package Check Results for Package gmDatabase

Last updated on 2020-05-27 07:50:58 CEST.

Flavor Version Tinstall Tcheck Ttotal Status Flags
r-devel-linux-x86_64-debian-clang 0.5.0 6.76 46.90 53.66 OK
r-devel-linux-x86_64-debian-gcc 0.5.0 6.17 36.35 42.52 OK
r-devel-linux-x86_64-fedora-clang 0.5.0 65.64 OK
r-devel-linux-x86_64-fedora-gcc 0.5.0 64.21 OK
r-devel-windows-ix86+x86_64 0.5.0 20.00 78.00 98.00 OK
r-patched-linux-x86_64 0.5.0 6.90 46.48 53.38 OK
r-patched-solaris-x86 0.5.0 89.50 OK
r-release-linux-x86_64 0.5.0 6.73 46.88 53.61 OK
r-release-osx-x86_64 0.5.0 WARN
r-release-windows-ix86+x86_64 0.5.0 18.00 85.00 103.00 OK
r-oldrel-osx-x86_64 0.5.0 OK
r-oldrel-windows-ix86+x86_64 0.5.0 14.00 59.00 73.00 OK

Check Details

Version: 0.5.0
Check: whether the package can be unloaded cleanly
Result: WARN
    Error: package ‘RMySQL’ could not be loaded
    Execution halted
Flavor: r-release-osx-x86_64

Version: 0.5.0
Check: whether the namespace can be loaded with stated dependencies
Result: WARN
    Error in dyn.load(file, DLLpath = DLLpath, ...) :
     unable to load shared object '/Volumes/Builds/packages/high-sierra-x86_64/Rlib/4.0/RMySQL/libs/RMySQL.so':
     dlopen(/Volumes/Builds/packages/high-sierra-x86_64/Rlib/4.0/RMySQL/libs/RMySQL.so, 6): Symbol not found: _GSS_C_NT_USER_NAME
     Referenced from: /Volumes/Builds/packages/high-sierra-x86_64/Rlib/4.0/RMySQL/libs/RMySQL.so
     Expected in: flat namespace
     in /Volumes/Builds/packages/high-sierra-x86_64/Rlib/4.0/RMySQL/libs/RMySQL.so
    Calls: <Anonymous> ... namespaceImport -> loadNamespace -> library.dynam -> dyn.load
    Execution halted
    
    A namespace must be able to be loaded with just the base namespace
    loaded: otherwise if the namespace gets loaded by a saved object, the
    session will be unable to start.
    
    Probably some imports need to be declared in the NAMESPACE file.
Flavor: r-release-osx-x86_64

Version: 0.5.0
Check: dependencies in R code
Result: NOTE
    Error: package ‘RMySQL’ could not be loaded
    Call sequence:
    3: stop(gettextf("package %s could not be loaded", sQuote(pkg)),
     call. = FALSE, domain = NA)
    2: .getRequiredPackages2(pkgInfo, quietly = quietly)
    1: library(package, lib.loc = lib.loc, character.only = TRUE, verbose = FALSE)
    Execution halted
Flavor: r-release-osx-x86_64