CRAN Package Check Results for Package gluvarpro

Last updated on 2020-09-21 13:55:53 CEST.

Flavor Version Tinstall Tcheck Ttotal Status Flags
r-devel-linux-x86_64-debian-clang 4.0 8.18 69.12 77.30 OK
r-devel-linux-x86_64-debian-gcc 4.0 7.09 52.30 59.39 OK
r-devel-linux-x86_64-fedora-clang 4.0 106.27 OK
r-devel-linux-x86_64-fedora-gcc 4.0 98.86 OK
r-devel-windows-ix86+x86_64 4.0 20.00 75.00 95.00 OK
r-patched-linux-x86_64 4.0 10.31 69.50 79.81 OK
r-patched-solaris-x86 4.0 130.80 OK
r-release-linux-x86_64 4.0 9.08 69.08 78.16 OK
r-release-macos-x86_64 4.0 ERROR
r-release-windows-ix86+x86_64 4.0 18.00 96.00 114.00 OK
r-oldrel-macos-x86_64 4.0 ERROR
r-oldrel-windows-ix86+x86_64 4.0 12.00 89.00 101.00 OK

Check Details

Version: 4.0
Check: examples
Result: ERROR
    Running examples in ‘gluvarpro-Ex.R’ failed
    The error most likely occurred in:
    
    > ### Name: preprocessgvp
    > ### Title: preprocessing raw data from continuous glucose monitoring
    > ### Aliases: preprocessgvp
    >
    > ### ** Examples
    >
    > data("datagvp4")
    > preprocessgvp(datagvp4)
    Error in preprocessgvp(datagvp4) :
     Variable date and time must have yyyy/mm/dd and hh:mm:ss format.
    Execution halted
Flavors: r-release-macos-x86_64, r-oldrel-macos-x86_64