CRAN Package Check Results for Package globaltrends

Last updated on 2022-09-27 07:50:44 CEST.

Flavor Version Tinstall Tcheck Ttotal Status Flags
r-devel-linux-x86_64-debian-clang 0.0.12 13.45 226.42 239.87 NOTE
r-devel-linux-x86_64-debian-gcc 0.0.12 10.56 172.79 183.35 NOTE
r-devel-linux-x86_64-fedora-clang 0.0.12 314.42 NOTE
r-devel-linux-x86_64-fedora-gcc 0.0.12 287.72 NOTE
r-devel-windows-x86_64 0.0.12 68.00 310.00 378.00 NOTE
r-patched-linux-x86_64 0.0.12 14.04 207.90 221.94 OK
r-release-linux-x86_64 0.0.12 10.80 209.59 220.39 OK
r-release-macos-arm64 0.0.12 114.00 OK
r-release-macos-x86_64 0.0.12 140.00 OK
r-release-windows-x86_64 0.0.12 51.00 256.00 307.00 OK
r-oldrel-macos-arm64 0.0.12 107.00 OK
r-oldrel-macos-x86_64 0.0.12 143.00 OK
r-oldrel-windows-ix86+x86_64 0.0.12 27.00 307.00 334.00 OK

Check Details

Version: 0.0.12
Check: package subdirectories
Result: NOTE
    Problems with news in 'NEWS.md':
    No news entries found.
Flavors: r-devel-linux-x86_64-debian-clang, r-devel-linux-x86_64-debian-gcc, r-devel-linux-x86_64-fedora-clang, r-devel-linux-x86_64-fedora-gcc, r-devel-windows-x86_64