Last updated on 2022-08-08 12:54:57 CEST.
Flavor | Version | Tinstall | Tcheck | Ttotal | Status | Flags |
---|---|---|---|---|---|---|
r-devel-linux-x86_64-debian-clang | 1.0.8 | 7.09 | 48.71 | 55.80 | NOTE | |
r-devel-linux-x86_64-debian-gcc | 1.0.8 | 5.13 | 36.67 | 41.80 | NOTE | |
r-devel-linux-x86_64-fedora-clang | 1.0.8 | 76.55 | NOTE | |||
r-devel-linux-x86_64-fedora-gcc | 1.0.8 | 77.76 | NOTE | |||
r-devel-windows-x86_64 | 1.0.8 | 22.00 | 73.00 | 95.00 | NOTE | |
r-patched-linux-x86_64 | 1.0.8 | 7.44 | 46.33 | 53.77 | OK | |
r-release-linux-x86_64 | 1.0.8 | OK | ||||
r-release-macos-arm64 | 1.0.8 | 22.00 | OK | |||
r-release-macos-x86_64 | 1.0.8 | 35.00 | OK | |||
r-release-windows-x86_64 | 1.0.8 | 25.00 | 73.00 | 98.00 | OK | |
r-oldrel-macos-arm64 | 1.0.8 | 41.00 | OK | |||
r-oldrel-macos-x86_64 | 1.0.8 | 49.00 | OK | |||
r-oldrel-windows-ix86+x86_64 | 1.0.8 | 16.00 | 69.00 | 85.00 | OK |
Version: 1.0.8
Check: Rd files
Result: NOTE
checkRd: (-1) coef.glmulti.Rd:26: Escaped LaTeX specials: \&
checkRd: (-1) coef.glmulti.Rd:27: Escaped LaTeX specials: \&
checkRd: (-1) coef.glmulti.Rd:51: Escaped LaTeX specials: \&
checkRd: (-1) coef.glmulti.Rd:60: Escaped LaTeX specials: \&
checkRd: (-1) coef.glmulti.Rd:61: Escaped LaTeX specials: \&
checkRd: (-1) consensus.Rd:29: Escaped LaTeX specials: \&
checkRd: (-1) getfit.Rd:26: Escaped LaTeX specials: \&
checkRd: (-1) glmulti-class.Rd:26: Escaped LaTeX specials: \&
checkRd: (-1) glmulti.Rd:99: Escaped LaTeX specials: \&
checkRd: (-1) summary.glmulti.Rd:72: Escaped LaTeX specials: \&
Flavors: r-devel-linux-x86_64-debian-clang, r-devel-linux-x86_64-debian-gcc, r-devel-linux-x86_64-fedora-clang, r-devel-linux-x86_64-fedora-gcc, r-devel-windows-x86_64