CRAN Package Check Results for Package glmtree

Last updated on 2022-09-26 12:53:23 CEST.

Flavor Version Tinstall Tcheck Ttotal Status Flags
r-devel-linux-x86_64-debian-clang 0.2 2.52 152.63 155.15 NOTE
r-devel-linux-x86_64-debian-gcc 0.2 2.57 102.31 104.88 NOTE
r-devel-linux-x86_64-fedora-clang 0.2 180.71 NOTE
r-devel-linux-x86_64-fedora-gcc 0.2 197.71 NOTE
r-devel-windows-x86_64 0.2 14.00 166.00 180.00 NOTE
r-patched-linux-x86_64 0.2 2.70 136.33 139.03 NOTE
r-release-linux-x86_64 0.2 2.25 136.66 138.91 NOTE
r-release-macos-arm64 0.2 48.00 NOTE
r-release-macos-x86_64 0.2 86.00 NOTE
r-release-windows-x86_64 0.2 10.00 183.00 193.00 NOTE
r-oldrel-macos-arm64 0.2 62.00 NOTE
r-oldrel-macos-x86_64 0.2 81.00 NOTE
r-oldrel-windows-ix86+x86_64 0.2 9.00 174.00 183.00 NOTE

Check Details

Version: 0.2
Check: LazyData
Result: NOTE
     'LazyData' is specified without a 'data' directory
Flavors: r-devel-linux-x86_64-debian-clang, r-devel-linux-x86_64-debian-gcc, r-devel-linux-x86_64-fedora-clang, r-devel-linux-x86_64-fedora-gcc, r-devel-windows-x86_64, r-patched-linux-x86_64, r-release-linux-x86_64, r-release-macos-arm64, r-release-macos-x86_64, r-release-windows-x86_64, r-oldrel-macos-arm64, r-oldrel-macos-x86_64, r-oldrel-windows-ix86+x86_64